-- https://www.phpmyadmin.net/
--

START TRANSACTION;



--
-- Database: `cat_updated`
--

-- --------------------------------------------------------

--
-- Table structure for table `in_accordionslider_accordions`
--

CREATE TABLE `in_accordionslider_accordions` (
  `id` mediumint(9) NOT NULL,
  `name` varchar(100) NOT NULL,
  `settings` text NOT NULL,
  `created` varchar(11) NOT NULL,
  `modified` varchar(11) NOT NULL,
  `panels_state` text NOT NULL
) ENGINE=MyISAM DEFAULT CHARSET=utf8;

--
-- Dumping data for table `in_accordionslider_accordions`
--

INSERT INTO `in_accordionslider_accordions` (`id`, `name`, `settings`, `created`, `modified`, `panels_state`) VALUES
(1, 'Partners Slider', '{\"width\":\"1600\",\"height\":\"700\",\"responsive\":true,\"responsive_mode\":\"auto\",\"aspect_ratio\":\"-1\",\"orientation\":\"horizontal\",\"shadow\":true,\"panel_distance\":\"0\",\"panel_overlap\":true,\"visible_panels\":\"-1\",\"start_panel\":\"-1\",\"start_page\":\"0\",\"shuffle\":false,\"custom_class\":\"example1\",\"opened_panel_size\":\"max\",\"max_opened_panel_size\":\"80%\",\"open_panel_on\":\"hover\",\"close_panels_on_mouse_out\":true,\"mouse_delay\":\"200\",\"open_panel_duration\":\"700\",\"close_panel_duration\":\"700\",\"page_scroll_duration\":\"500\",\"page_scroll_easing\":\"swing\",\"autoplay\":true,\"autoplay_delay\":\"5000\",\"autoplay_direction\":\"normal\",\"autoplay_on_hover\":\"pause\",\"mouse_wheel\":false,\"mouse_wheel_sensitivity\":\"50\",\"mouse_wheel_target\":\"panel\",\"keyboard\":true,\"keyboard_only_on_focus\":false,\"keyboard_target\":\"panel\",\"swap_background_duration\":\"700\",\"fade_out_background\":false,\"touch_swipe\":true,\"touch_swipe_threshold\":\"50\",\"lightbox\":false,\"open_panel_video_action\":\"playVideo\",\"close_panel_video_action\":\"pauseVideo\",\"play_video_action\":\"stopAutoplay\",\"pause_video_action\":\"none\",\"end_video_action\":\"none\",\"lazy_loading\":true,\"hide_image_title\":true,\"link_target\":\"_self\"}', '12-29-2016', '02-27-2018', '{\"appearance\":\"\",\"animations\":\"\",\"autoplay\":\"\",\"mouse_wheel\":\"\",\"keyboard\":\"\",\"swap_background\":\"\",\"touch_swipe\":\"\",\"lightbox\":\"\",\"video\":\"\",\"miscellaneous\":\"\",\"breakpoints\":\"\"}'),
(2, 'Example 1', '{\"width\":\"1600\",\"height\":\"700\",\"responsive\":true,\"responsive_mode\":\"auto\",\"aspect_ratio\":\"-1\",\"orientation\":\"horizontal\",\"shadow\":false,\"panel_distance\":\"0\",\"panel_overlap\":true,\"visible_panels\":\"-1\",\"start_panel\":\"-1\",\"start_page\":\"0\",\"shuffle\":false,\"custom_class\":\"example1\",\"opened_panel_size\":\"max\",\"max_opened_panel_size\":\"80%\",\"open_panel_on\":\"hover\",\"close_panels_on_mouse_out\":true,\"mouse_delay\":\"200\",\"open_panel_duration\":\"700\",\"close_panel_duration\":\"700\",\"page_scroll_duration\":\"500\",\"page_scroll_easing\":\"swing\",\"autoplay\":false,\"autoplay_delay\":\"5000\",\"autoplay_direction\":\"normal\",\"autoplay_on_hover\":\"pause\",\"mouse_wheel\":false,\"mouse_wheel_sensitivity\":\"50\",\"mouse_wheel_target\":\"panel\",\"keyboard\":true,\"keyboard_only_on_focus\":false,\"keyboard_target\":\"panel\",\"swap_background_duration\":\"700\",\"fade_out_background\":false,\"touch_swipe\":true,\"touch_swipe_threshold\":\"50\",\"lightbox\":false,\"open_panel_video_action\":\"playVideo\",\"close_panel_video_action\":\"pauseVideo\",\"play_video_action\":\"stopAutoplay\",\"pause_video_action\":\"none\",\"end_video_action\":\"none\",\"lazy_loading\":true,\"hide_image_title\":true,\"link_target\":\"_self\"}', '12-29-2016', '07-17-2018', '{\"appearance\":\"\",\"animations\":\"\",\"autoplay\":\"\",\"mouse_wheel\":\"\",\"keyboard\":\"closed\",\"swap_background\":\"\",\"touch_swipe\":\"\",\"lightbox\":\"\",\"video\":\"closed\",\"miscellaneous\":\"\",\"breakpoints\":\"\"}'),
(3, 'Example 2', '{\"width\":\"960\",\"height\":\"400\",\"responsive\":true,\"responsive_mode\":\"custom\",\"aspect_ratio\":\"-1\",\"orientation\":\"horizontal\",\"shadow\":true,\"panel_distance\":\"0\",\"panel_overlap\":true,\"visible_panels\":\"-1\",\"start_panel\":\"-1\",\"start_page\":\"0\",\"lazy_loading\":false,\"custom_class\":\"example2\",\"opened_panel_size\":\"max\",\"max_opened_panel_size\":\"80%\",\"open_panel_on\":\"hover\",\"close_panels_on_mouse_out\":true,\"mouse_delay\":\"200\",\"open_panel_duration\":\"700\",\"close_panel_duration\":\"700\",\"page_scroll_duration\":\"500\",\"page_scroll_easing\":\"swing\",\"autoplay\":false,\"autoplay_delay\":\"5000\",\"autoplay_direction\":\"normal\",\"autoplay_on_hover\":\"pause\",\"mouse_wheel\":false,\"mouse_wheel_sensitivity\":\"50\",\"mouse_wheel_target\":\"panel\",\"keyboard\":true,\"keyboard_only_on_focus\":false,\"swap_background_duration\":\"700\",\"fade_out_background\":false,\"touch_swipe\":true,\"touch_swipe_threshold\":\"50\",\"lightbox\":true,\"open_panel_video_action\":\"playVideo\",\"close_panel_video_action\":\"pauseVideo\",\"play_video_action\":\"stopAutoplay\",\"pause_video_action\":\"none\",\"end_video_action\":\"none\",\"breakpoints\":[{\"breakpoint_width\":\"700\",\"visible_panels\":\"6\"},{\"breakpoint_width\":\"500\",\"visible_panels\":\"4\"}]}', '12-29-2016', '12-29-2016', '{\"appearance\":\"\",\"animations\":\"closed\",\"autoplay\":\"closed\",\"mouse_wheel\":\"closed\",\"keyboard\":\"closed\",\"swap_background\":\"closed\",\"touch_swipe\":\"closed\",\"lightbox\":\"\",\"video\":\"closed\",\"breakpoints\":\"\"}'),
(4, 'Example 3', '{\"width\":\"960\",\"height\":\"400\",\"responsive\":true,\"responsive_mode\":\"custom\",\"aspect_ratio\":\"-1\",\"orientation\":\"horizontal\",\"shadow\":false,\"panel_distance\":\"10\",\"panel_overlap\":true,\"visible_panels\":\"7\",\"start_panel\":\"3\",\"start_page\":\"0\",\"lazy_loading\":false,\"custom_class\":\"example3\",\"opened_panel_size\":\"max\",\"max_opened_panel_size\":\"80%\",\"open_panel_on\":\"hover\",\"close_panels_on_mouse_out\":false,\"mouse_delay\":\"200\",\"open_panel_duration\":\"700\",\"close_panel_duration\":\"700\",\"page_scroll_duration\":\"500\",\"page_scroll_easing\":\"swing\",\"autoplay\":false,\"autoplay_delay\":\"5000\",\"autoplay_direction\":\"normal\",\"autoplay_on_hover\":\"pause\",\"mouse_wheel\":false,\"mouse_wheel_sensitivity\":\"50\",\"mouse_wheel_target\":\"panel\",\"keyboard\":true,\"keyboard_only_on_focus\":false,\"swap_background_duration\":\"700\",\"fade_out_background\":false,\"touch_swipe\":true,\"touch_swipe_threshold\":\"50\",\"lightbox\":false,\"open_panel_video_action\":\"playVideo\",\"close_panel_video_action\":\"pauseVideo\",\"play_video_action\":\"stopAutoplay\",\"pause_video_action\":\"none\",\"end_video_action\":\"none\",\"breakpoints\":[{\"breakpoint_width\":\"960\",\"visible_panels\":\"5\"},{\"breakpoint_width\":\"800\",\"visible_panels\":\"3\",\"orientation\":\"vertical\",\"width\":\"600\",\"height\":\"500\"},{\"breakpoint_width\":\"650\",\"visible_panels\":\"4\"},{\"breakpoint_width\":\"500\",\"visible_panels\":\"3\",\"orientation\":\"vertical\",\"aspect_ratio\":\"1.2\"}]}', '12-29-2016', '12-29-2016', '{\"appearance\":\"\",\"animations\":\"closed\",\"autoplay\":\"closed\",\"mouse_wheel\":\"closed\",\"keyboard\":\"closed\",\"swap_background\":\"closed\",\"touch_swipe\":\"closed\",\"lightbox\":\"closed\",\"video\":\"closed\",\"breakpoints\":\"\"}'),
(5, 'Example 4', '{\"width\":\"960\",\"height\":\"350\",\"responsive\":true,\"responsive_mode\":\"auto\",\"aspect_ratio\":\"-1\",\"orientation\":\"horizontal\",\"shadow\":false,\"panel_distance\":\"10\",\"panel_overlap\":true,\"visible_panels\":\"-1\",\"start_panel\":\"-1\",\"start_page\":\"0\",\"lazy_loading\":false,\"custom_class\":\"example4\",\"opened_panel_size\":\"max\",\"max_opened_panel_size\":\"80%\",\"open_panel_on\":\"hover\",\"close_panels_on_mouse_out\":false,\"mouse_delay\":\"200\",\"open_panel_duration\":\"700\",\"close_panel_duration\":\"700\",\"page_scroll_duration\":\"500\",\"page_scroll_easing\":\"swing\",\"autoplay\":false,\"autoplay_delay\":\"5000\",\"autoplay_direction\":\"normal\",\"autoplay_on_hover\":\"pause\",\"mouse_wheel\":false,\"mouse_wheel_sensitivity\":\"50\",\"mouse_wheel_target\":\"panel\",\"keyboard\":true,\"keyboard_only_on_focus\":false,\"swap_background_duration\":\"700\",\"fade_out_background\":false,\"touch_swipe\":true,\"touch_swipe_threshold\":\"50\",\"lightbox\":false,\"open_panel_video_action\":\"playVideo\",\"close_panel_video_action\":\"pauseVideo\",\"play_video_action\":\"stopAutoplay\",\"pause_video_action\":\"none\",\"end_video_action\":\"none\"}', '12-29-2016', '12-29-2016', '{\"appearance\":\"\",\"animations\":\"closed\",\"autoplay\":\"closed\",\"mouse_wheel\":\"closed\",\"keyboard\":\"closed\",\"swap_background\":\"closed\",\"touch_swipe\":\"closed\",\"lightbox\":\"closed\",\"video\":\"closed\",\"breakpoints\":\"closed\"}'),
(6, 'Example 2', '{\"width\":\"960\",\"height\":\"400\",\"responsive\":true,\"responsive_mode\":\"custom\",\"aspect_ratio\":\"-1\",\"orientation\":\"horizontal\",\"shadow\":true,\"panel_distance\":\"0\",\"panel_overlap\":true,\"visible_panels\":\"-1\",\"start_panel\":\"-1\",\"start_page\":\"0\",\"lazy_loading\":false,\"custom_class\":\"example2\",\"opened_panel_size\":\"max\",\"max_opened_panel_size\":\"80%\",\"open_panel_on\":\"hover\",\"close_panels_on_mouse_out\":true,\"mouse_delay\":\"200\",\"open_panel_duration\":\"700\",\"close_panel_duration\":\"700\",\"page_scroll_duration\":\"500\",\"page_scroll_easing\":\"swing\",\"autoplay\":false,\"autoplay_delay\":\"5000\",\"autoplay_direction\":\"normal\",\"autoplay_on_hover\":\"pause\",\"mouse_wheel\":false,\"mouse_wheel_sensitivity\":\"50\",\"mouse_wheel_target\":\"panel\",\"keyboard\":true,\"keyboard_only_on_focus\":false,\"swap_background_duration\":\"700\",\"fade_out_background\":false,\"touch_swipe\":true,\"touch_swipe_threshold\":\"50\",\"lightbox\":true,\"open_panel_video_action\":\"playVideo\",\"close_panel_video_action\":\"pauseVideo\",\"play_video_action\":\"stopAutoplay\",\"pause_video_action\":\"none\",\"end_video_action\":\"none\",\"breakpoints\":[{\"breakpoint_width\":\"700\",\"visible_panels\":\"6\"},{\"breakpoint_width\":\"500\",\"visible_panels\":\"4\"}]}', '07-17-2018', '07-17-2018', '{\"appearance\":\"\",\"animations\":\"closed\",\"autoplay\":\"closed\",\"mouse_wheel\":\"closed\",\"keyboard\":\"closed\",\"swap_background\":\"closed\",\"touch_swipe\":\"closed\",\"lightbox\":\"\",\"video\":\"closed\",\"breakpoints\":\"\"}'),
(7, 'Example 1', '{\"width\":\"1600\",\"height\":\"700\",\"responsive\":true,\"responsive_mode\":\"auto\",\"aspect_ratio\":\"-1\",\"orientation\":\"horizontal\",\"shadow\":false,\"panel_distance\":\"0\",\"panel_overlap\":true,\"visible_panels\":\"-1\",\"start_panel\":\"-1\",\"start_page\":\"0\",\"shuffle\":false,\"custom_class\":\"example1\",\"opened_panel_size\":\"max\",\"max_opened_panel_size\":\"80%\",\"open_panel_on\":\"hover\",\"close_panels_on_mouse_out\":true,\"mouse_delay\":\"200\",\"open_panel_duration\":\"700\",\"close_panel_duration\":\"700\",\"page_scroll_duration\":\"500\",\"page_scroll_easing\":\"swing\",\"autoplay\":false,\"autoplay_delay\":\"5000\",\"autoplay_direction\":\"normal\",\"autoplay_on_hover\":\"pause\",\"mouse_wheel\":false,\"mouse_wheel_sensitivity\":\"50\",\"mouse_wheel_target\":\"panel\",\"keyboard\":true,\"keyboard_only_on_focus\":false,\"keyboard_target\":\"panel\",\"swap_background_duration\":\"700\",\"fade_out_background\":false,\"touch_swipe\":true,\"touch_swipe_threshold\":\"50\",\"lightbox\":false,\"open_panel_video_action\":\"playVideo\",\"close_panel_video_action\":\"pauseVideo\",\"play_video_action\":\"stopAutoplay\",\"pause_video_action\":\"none\",\"end_video_action\":\"none\",\"lazy_loading\":true,\"hide_image_title\":true,\"link_target\":\"_self\"}', '07-19-2018', '11-16-2018', '{\"appearance\":\"\",\"animations\":\"\",\"autoplay\":\"\",\"mouse_wheel\":\"\",\"keyboard\":\"closed\",\"swap_background\":\"\",\"touch_swipe\":\"\",\"lightbox\":\"\",\"video\":\"closed\",\"miscellaneous\":\"\",\"breakpoints\":\"\"}'),
(9, 'About Us Banner', '{\"width\":\"1600\",\"height\":\"900\",\"responsive\":true,\"responsive_mode\":\"auto\",\"aspect_ratio\":\"-1\",\"orientation\":\"horizontal\",\"shadow\":false,\"panel_distance\":\"0\",\"panel_overlap\":true,\"visible_panels\":\"-1\",\"start_panel\":\"-1\",\"start_page\":\"0\",\"shuffle\":false,\"custom_class\":\"example1\",\"opened_panel_size\":\"max\",\"max_opened_panel_size\":\"80%\",\"open_panel_on\":\"hover\",\"close_panels_on_mouse_out\":true,\"mouse_delay\":\"200\",\"open_panel_duration\":\"700\",\"close_panel_duration\":\"700\",\"page_scroll_duration\":\"500\",\"page_scroll_easing\":\"swing\",\"autoplay\":false,\"autoplay_delay\":\"5000\",\"autoplay_direction\":\"normal\",\"autoplay_on_hover\":\"pause\",\"mouse_wheel\":false,\"mouse_wheel_sensitivity\":\"50\",\"mouse_wheel_target\":\"panel\",\"keyboard\":true,\"keyboard_only_on_focus\":false,\"keyboard_target\":\"panel\",\"swap_background_duration\":\"700\",\"fade_out_background\":false,\"touch_swipe\":true,\"touch_swipe_threshold\":\"50\",\"lightbox\":false,\"open_panel_video_action\":\"playVideo\",\"close_panel_video_action\":\"pauseVideo\",\"play_video_action\":\"stopAutoplay\",\"pause_video_action\":\"none\",\"end_video_action\":\"none\",\"lazy_loading\":true,\"hide_image_title\":true,\"link_target\":\"_self\"}', '08-07-2018', '08-13-2018', '{\"appearance\":\"\",\"animations\":\"\",\"autoplay\":\"\",\"mouse_wheel\":\"\",\"keyboard\":\"closed\",\"swap_background\":\"\",\"touch_swipe\":\"\",\"lightbox\":\"\",\"video\":\"closed\",\"miscellaneous\":\"\",\"breakpoints\":\"\"}');

-- --------------------------------------------------------

--
-- Table structure for table `in_accordionslider_layers`
--

CREATE TABLE `in_accordionslider_layers` (
  `id` mediumint(9) NOT NULL,
  `accordion_id` mediumint(9) NOT NULL,
  `panel_id` mediumint(9) NOT NULL,
  `position` mediumint(9) NOT NULL,
  `name` text NOT NULL,
  `type` text NOT NULL,
  `text` text NOT NULL,
  `heading_type` varchar(100) NOT NULL,
  `image_source` text NOT NULL,
  `image_alt` text NOT NULL,
  `image_link` text NOT NULL,
  `image_retina` text NOT NULL,
  `settings` text NOT NULL
) ENGINE=MyISAM DEFAULT CHARSET=utf8;

--
-- Dumping data for table `in_accordionslider_layers`
--

INSERT INTO `in_accordionslider_layers` (`id`, `accordion_id`, `panel_id`, `position`, `name`, `type`, `text`, `heading_type`, `image_source`, `image_alt`, `image_link`, `image_retina`, `settings`) VALUES
(45, 4, 113, 0, 'First', 'paragraph', 'Lorem ipsum\n', '', '', '', '', '', '{\"display\":\"opened\",\"horizontal\":\"20\",\"width\":\"auto\",\"preset_styles\":[\"as-white\",\"as-padding\"],\"position\":\"bottomLeft\",\"vertical\":\"20\",\"height\":\"auto\",\"custom_class\":\"\",\"show_transition\":\"left\",\"show_offset\":\"50\",\"show_delay\":\"400\",\"show_duration\":\"400\",\"hide_transition\":\"up\",\"hide_offset\":\"50\",\"hide_delay\":\"200\",\"hide_duration\":\"400\"}'),
(46, 4, 113, 1, 'Second', 'paragraph', 'dolor sit amet\n', '', '', '', '', '', '{\"display\":\"opened\",\"horizontal\":\"140\",\"width\":\"auto\",\"preset_styles\":[\"as-black\",\"as-padding\"],\"position\":\"bottomLeft\",\"vertical\":\"20\",\"height\":\"auto\",\"custom_class\":\"hide-small-screen\",\"show_transition\":\"left\",\"show_offset\":\"50\",\"show_delay\":\"600\",\"show_duration\":\"400\",\"hide_transition\":\"up\",\"hide_offset\":\"50\",\"hide_delay\":\"100\",\"hide_duration\":\"400\"}'),
(47, 4, 113, 2, 'Third', 'paragraph', 'consectetur adipisicing elit.\n', '', '', '', '', '', '{\"display\":\"opened\",\"horizontal\":\"265\",\"width\":\"auto\",\"preset_styles\":[\"as-white\",\"as-padding\"],\"position\":\"bottomLeft\",\"vertical\":\"20\",\"height\":\"auto\",\"custom_class\":\"hide-small-screen\",\"show_transition\":\"left\",\"show_offset\":\"50\",\"show_delay\":\"800\",\"show_duration\":\"400\",\"hide_transition\":\"up\",\"hide_offset\":\"50\",\"hide_delay\":\"10\",\"hide_duration\":\"400\"}'),
(48, 4, 114, 2, 'Third', 'paragraph', 'sed do eiusmod tempor incididunt ut labore et dolore magna aliqua. Ut enim ad minim veniam, quis nostrud exercitation ullamco laboris nisi ut aliquip ex ea commodo consequat.\n', '', '', '', '', '', '{\"display\":\"opened\",\"horizontal\":\"40\",\"width\":\"350\",\"preset_styles\":[\"as-black\",\"as-padding\"],\"position\":\"topLeft\",\"vertical\":\"136\",\"height\":\"auto\",\"custom_class\":\"hide-small-screen\",\"show_transition\":\"left\",\"show_offset\":\"50\",\"show_delay\":\"900\",\"show_duration\":\"400\",\"hide_transition\":\"left\",\"hide_offset\":\"50\",\"hide_delay\":\"500\",\"hide_duration\":\"400\"}'),
(49, 4, 114, 1, 'Second', 'paragraph', 'consectetur adipisicing elit\n', '', '', '', '', '', '{\"display\":\"opened\",\"horizontal\":\"40\",\"width\":\"auto\",\"preset_styles\":[\"as-white\",\"as-padding\"],\"position\":\"topLeft\",\"vertical\":\"88\",\"height\":\"auto\",\"custom_class\":\"hide-medium-screen\",\"show_transition\":\"left\",\"show_offset\":\"50\",\"show_delay\":\"700\",\"show_duration\":\"400\",\"hide_transition\":\"left\",\"hide_offset\":\"50\",\"hide_delay\":\"200\",\"hide_duration\":\"400\"}'),
(50, 4, 114, 0, 'First', 'heading', 'Lorem ipsum dolor sit amet\n', 'h3', '', '', '', '', '{\"display\":\"opened\",\"horizontal\":\"40\",\"width\":\"auto\",\"preset_styles\":[\"as-black\",\"as-padding\"],\"position\":\"topLeft\",\"vertical\":\"40\",\"height\":\"auto\",\"custom_class\":\"\",\"show_transition\":\"left\",\"show_offset\":\"50\",\"show_delay\":\"500\",\"show_duration\":\"400\",\"hide_transition\":\"left\",\"hide_offset\":\"50\",\"hide_delay\":\"10\",\"hide_duration\":\"400\"}'),
(51, 4, 115, 0, 'Content', 'paragraph', 'Lorem ipsum dolor sit amet <span class=\"hide-small-screen\">, consectetur adipisicing elit, sed do eiusmod tempor incididunt ut labore et dolore magna aliqua.</span> <span class=\"hide-medium-screen\">Ut enim ad minim veniam, quis nostrud exercitation ullamco laboris nisi ut aliquip ex ea commodo consequat.</span>\n', '', '', '', '', '', '{\"display\":\"opened\",\"horizontal\":\"10\",\"width\":\"40%\",\"preset_styles\":[\"as-black\",\"as-padding\"],\"position\":\"bottomRight\",\"vertical\":\"10\",\"height\":\"auto\",\"custom_class\":\"\",\"show_transition\":\"fade\",\"show_offset\":\"50\",\"show_delay\":\"700\",\"show_duration\":\"400\",\"hide_transition\":\"fade\",\"hide_offset\":\"50\",\"hide_delay\":\"10\",\"hide_duration\":\"400\"}'),
(52, 4, 116, 2, 'Third', 'paragraph', 'consectetur adipisicing elit.\n', '', '', '', '', '', '{\"display\":\"opened\",\"horizontal\":\"275\",\"width\":\"auto\",\"preset_styles\":[\"as-black\",\"as-padding\"],\"position\":\"topLeft\",\"vertical\":\"30\",\"height\":\"auto\",\"custom_class\":\"hide-small-screen\",\"show_transition\":\"left\",\"show_offset\":\"50\",\"show_delay\":\"800\",\"show_duration\":\"400\",\"hide_transition\":\"down\",\"hide_offset\":\"50\",\"hide_delay\":\"10\",\"hide_duration\":\"400\"}'),
(53, 4, 116, 0, 'First', 'paragraph', 'Lorem ipsum\n', '', '', '', '', '', '{\"display\":\"opened\",\"horizontal\":\"30\",\"width\":\"auto\",\"preset_styles\":[\"as-black\",\"as-padding\"],\"position\":\"topLeft\",\"vertical\":\"30\",\"height\":\"auto\",\"custom_class\":\"\",\"show_transition\":\"left\",\"show_offset\":\"50\",\"show_delay\":\"400\",\"show_duration\":\"400\",\"hide_transition\":\"down\",\"hide_offset\":\"50\",\"hide_delay\":\"200\",\"hide_duration\":\"400\"}'),
(54, 4, 116, 1, 'Second', 'paragraph', 'dolor sit amet', '', '', '', '', '', '{\"display\":\"opened\",\"horizontal\":\"150\",\"width\":\"auto\",\"preset_styles\":[\"as-white\",\"as-padding\"],\"position\":\"topLeft\",\"vertical\":\"30\",\"height\":\"auto\",\"custom_class\":\"hide-small-screen\",\"show_transition\":\"left\",\"show_offset\":\"50\",\"show_delay\":\"600\",\"show_duration\":\"400\",\"hide_transition\":\"down\",\"hide_offset\":\"50\",\"hide_delay\":\"100\",\"hide_duration\":\"400\"}'),
(55, 4, 117, 1, 'Second', 'paragraph', 'consectetur adipisicing elit <span class=\"hide-medium-screen\">, sed do eiusmod tempor incididunt ut labore et dolore magna aliqua.</span>', '', '', '', '', '', '{\"display\":\"opened\",\"horizontal\":\"50%\",\"width\":\"50%\",\"preset_styles\":[\"as-black\",\"as-padding\"],\"position\":\"topLeft\",\"vertical\":\"25%\",\"height\":\"auto\",\"custom_class\":\"hide-small-screen\",\"show_transition\":\"left\",\"show_offset\":\"50\",\"show_delay\":\"700\",\"show_duration\":\"400\",\"hide_transition\":\"right\",\"hide_offset\":\"50\",\"hide_delay\":\"10\",\"hide_duration\":\"400\"}'),
(56, 4, 117, 0, 'First', 'paragraph', 'Lorem ipsum dolor sit amet\n', '', '', '', '', '', '{\"display\":\"opened\",\"horizontal\":\"50%\",\"width\":\"auto\",\"preset_styles\":[\"as-white\",\"as-padding\"],\"position\":\"topLeft\",\"vertical\":\"10%\",\"height\":\"auto\",\"custom_class\":\"\",\"show_transition\":\"right\",\"show_offset\":\"50\",\"show_delay\":\"500\",\"show_duration\":\"400\",\"hide_transition\":\"left\",\"hide_offset\":\"50\",\"hide_delay\":\"10\",\"hide_duration\":\"400\"}'),
(57, 4, 118, 0, 'Content', 'paragraph', 'Lorem ipsum dolor sit amet, consectetur adipisicing elit <span class=\"hide-small-screen\">, sed do eiusmod tempor incididunt ut labore et dolore magna aliqua.</span> <span class=\"hide-medium-screen\">Ut enim ad minim veniam, quis nostrud exercitation ullamco laboris nisi ut aliquip ex ea commodo consequat.</span>\n', '', '', '', '', '', '{\"display\":\"opened\",\"horizontal\":\"2%\",\"width\":\"96%\",\"preset_styles\":[\"as-white\",\"as-padding\"],\"position\":\"bottomLeft\",\"vertical\":\"10\",\"height\":\"auto\",\"custom_class\":\"\",\"show_transition\":\"up\",\"show_offset\":\"50\",\"show_delay\":\"700\",\"show_duration\":\"400\",\"hide_transition\":\"fade\",\"hide_offset\":\"50\",\"hide_delay\":\"10\",\"hide_duration\":\"400\"}'),
(58, 4, 119, 2, 'Third', 'paragraph', 'sed do eiusmod tempor incididunt ut labore et dolore magna aliqua. Ut enim ad minim veniam, quis nostrud exercitation ullamco laboris nisi ut aliquip ex ea commodo consequat.\n', '', '', '', '', '', '{\"display\":\"opened\",\"horizontal\":\"30\",\"width\":\"350\",\"preset_styles\":[\"as-white\",\"as-padding\"],\"position\":\"bottomLeft\",\"vertical\":\"30\",\"height\":\"auto\",\"custom_class\":\"hide-medium-screen\",\"show_transition\":\"left\",\"show_offset\":\"50\",\"show_delay\":\"500\",\"show_duration\":\"400\",\"hide_transition\":\"right\",\"hide_offset\":\"50\",\"hide_delay\":\"500\",\"hide_duration\":\"400\"}'),
(59, 4, 119, 1, 'Second', 'paragraph', 'consectetur adipisicing elit', '', '', '', '', '', '{\"display\":\"opened\",\"horizontal\":\"30\",\"width\":\"auto\",\"preset_styles\":[\"as-black\",\"as-padding\"],\"position\":\"bottomLeft\",\"vertical\":\"140\",\"height\":\"auto\",\"custom_class\":\"hide-small-screen\",\"show_transition\":\"left\",\"show_offset\":\"50\",\"show_delay\":\"400\",\"show_duration\":\"400\",\"hide_transition\":\"right\",\"hide_offset\":\"50\",\"hide_delay\":\"200\",\"hide_duration\":\"400\"}'),
(60, 4, 119, 0, 'First', 'heading', 'Lorem ipsum dolor sit amet\n', 'h3', '', '', '', '', '{\"display\":\"opened\",\"horizontal\":\"30\",\"width\":\"auto\",\"preset_styles\":[\"as-white\",\"as-padding\"],\"position\":\"bottomLeft\",\"vertical\":\"195\",\"height\":\"auto\",\"custom_class\":\"\",\"show_transition\":\"left\",\"show_offset\":\"50\",\"show_delay\":\"300\",\"show_duration\":\"400\",\"hide_transition\":\"right\",\"hide_offset\":\"50\",\"hide_delay\":\"10\",\"hide_duration\":\"400\"}'),
(61, 4, 120, 1, 'Second', 'paragraph', 'Lorem ipsum dolor sit amet', '', '', '', '', '', '{\"display\":\"opened\",\"horizontal\":\"5%\",\"width\":\"auto\",\"preset_styles\":[\"as-black\",\"as-padding\"],\"position\":\"bottomLeft\",\"vertical\":\"100\",\"height\":\"auto\",\"custom_class\":\"\",\"show_transition\":\"down\",\"show_offset\":\"50\",\"show_delay\":\"700\",\"show_duration\":\"400\",\"hide_transition\":\"up\",\"hide_offset\":\"50\",\"hide_delay\":\"10\",\"hide_duration\":\"400\"}'),
(62, 4, 120, 0, 'First', 'paragraph', 'consectetur adipisicing elit <span class=\"hide-medium-screen\">, sed do eiusmod tempor incididunt ut labore et dolore magna aliqua.</span>\n', '', '', '', '', '', '{\"display\":\"opened\",\"horizontal\":\"5%\",\"width\":\"auto\",\"preset_styles\":[\"as-white\",\"as-padding\"],\"position\":\"bottomLeft\",\"vertical\":\"50\",\"height\":\"auto\",\"custom_class\":\"hide-small-screen\",\"show_transition\":\"up\",\"show_offset\":\"50\",\"show_delay\":\"500\",\"show_duration\":\"400\",\"hide_transition\":\"down\",\"hide_offset\":\"50\",\"hide_delay\":\"10\",\"hide_duration\":\"400\"}'),
(63, 4, 121, 2, 'Third', 'paragraph', 'sed do eiusmod tempor incididunt ut labore et dolore magna aliqua. Ut enim ad minim veniam, quis nostrud exercitation ullamco laboris nisi ut aliquip ex ea commodo consequat.', '', '', '', '', '', '{\"display\":\"opened\",\"horizontal\":\"49\",\"width\":\"350\",\"preset_styles\":[\"as-white\",\"as-padding\"],\"position\":\"topRight\",\"vertical\":\"256\",\"height\":\"auto\",\"custom_class\":\"hide-small-screen\",\"show_transition\":\"up\",\"show_offset\":\"50\",\"show_delay\":\"900\",\"show_duration\":\"400\",\"hide_transition\":\"fade\",\"hide_offset\":\"50\",\"hide_delay\":\"10\",\"hide_duration\":\"400\"}'),
(64, 4, 121, 1, 'Second', 'paragraph', 'consectetur adipisicing elit\n\n', '', '', '', '', '', '{\"display\":\"opened\",\"horizontal\":\"7%\",\"width\":\"auto\",\"preset_styles\":[\"as-black\",\"as-padding\"],\"position\":\"topRight\",\"vertical\":\"52%\",\"height\":\"auto\",\"custom_class\":\"hide-medium-screen\",\"show_transition\":\"up\",\"show_offset\":\"50\",\"show_delay\":\"700\",\"show_duration\":\"400\",\"hide_transition\":\"fade\",\"hide_offset\":\"50\",\"hide_delay\":\"10\",\"hide_duration\":\"400\"}'),
(65, 4, 121, 0, 'First', 'heading', 'Lorem ipsum dolor sit amet', 'h3', '', '', '', '', '{\"display\":\"opened\",\"horizontal\":\"7%\",\"width\":\"auto\",\"preset_styles\":[\"as-white\",\"as-padding\"],\"position\":\"topRight\",\"vertical\":\"40%\",\"height\":\"auto\",\"custom_class\":\"\",\"show_transition\":\"up\",\"show_offset\":\"50\",\"show_delay\":\"500\",\"show_duration\":\"400\",\"hide_transition\":\"fade\",\"hide_offset\":\"50\",\"hide_delay\":\"10\",\"hide_duration\":\"400\"}'),
(66, 4, 122, 0, 'Content', 'paragraph', 'Lorem ipsum dolor sit amet <span class=\"hide-small-screen\">, consectetur adipisicing elit, sed do eiusmod tempor incididunt ut labore et dolore magna aliqua.</span> <span class=\"hide-medium-screen\"> Ut enim ad minim veniam, quis nostrud exercitation ullamco laboris nisi ut aliquip ex ea commodo consequat.</span>\n', '', '', '', '', '', '{\"display\":\"opened\",\"horizontal\":\"2%\",\"width\":\"96%\",\"preset_styles\":[\"as-black\",\"as-padding\"],\"position\":\"bottomLeft\",\"vertical\":\"10\",\"height\":\"auto\",\"custom_class\":\"\",\"show_transition\":\"up\",\"show_offset\":\"50\",\"show_delay\":\"700\",\"show_duration\":\"400\",\"hide_transition\":\"down\",\"hide_offset\":\"50\",\"hide_delay\":\"10\",\"hide_duration\":\"400\"}'),
(67, 4, 123, 0, 'Content', 'paragraph', 'Lorem ipsum dolor sit amet <span class=\"hide-small-screen\">, consectetur adipisicing elit, sed do eiusmod tempor incididunt ut labore et dolore magna aliqua.</span> <span class=\"hide-medium-screen\"> Ut enim ad minim veniam, quis nostrud exercitation ullamco laboris nisi ut aliquip ex ea commodo consequat.</span>\n', '', '', '', '', '', '{\"display\":\"opened\",\"horizontal\":\"10\",\"width\":\"35%\",\"preset_styles\":[\"as-white\",\"as-padding\"],\"position\":\"topLeft\",\"vertical\":\"10\",\"height\":\"auto\",\"custom_class\":\"\",\"show_transition\":\"fade\",\"show_offset\":\"50\",\"show_delay\":\"300\",\"show_duration\":\"400\",\"hide_transition\":\"fade\",\"hide_offset\":\"50\",\"hide_delay\":\"10\",\"hide_duration\":\"400\"}'),
(68, 4, 124, 0, 'Content', 'paragraph', 'Lorem ipsum dolor sit amet <span class=\"hide-small-screen\">, consectetur adipisicing elit, sed do eiusmod tempor incididunt ut labore et dolore magna aliqua. </span> <span class=\"hide-medium-screen\">Ut enim ad minim veniam, quis nostrud exercitation ullamco laboris nisi ut aliquip ex ea commodo consequat.</span>\n', '', '', '', '', '', '{\"display\":\"opened\",\"horizontal\":\"2%\",\"width\":\"96%\",\"preset_styles\":[\"as-white\",\"as-padding\"],\"position\":\"topLeft\",\"vertical\":\"10\",\"height\":\"auto\",\"custom_class\":\"\",\"show_transition\":\"down\",\"show_offset\":\"50\",\"show_delay\":\"700\",\"show_duration\":\"400\",\"hide_transition\":\"up\",\"hide_offset\":\"50\",\"hide_delay\":\"10\",\"hide_duration\":\"400\"}'),
(69, 4, 125, 0, 'Content', 'paragraph', 'Lorem ipsum dolor sit amet <span class=\"hide-small-screen\">, consectetur adipisicing elit, sed do eiusmod tempor incididunt ut labore et dolore magna aliqua. </span> <span class=\"hide-medium-screen\">Ut enim ad minim veniam, quis nostrud exercitation ullamco laboris nisi ut aliquip ex ea commodo consequat.</span>\n', '', '', '', '', '', '{\"display\":\"opened\",\"horizontal\":\"0\",\"width\":\"auto\",\"preset_styles\":[\"as-black\",\"as-padding\"],\"position\":\"bottomLeft\",\"vertical\":\"0\",\"height\":\"auto\",\"custom_class\":\"\",\"show_transition\":\"up\",\"show_offset\":\"50\",\"show_delay\":\"700\",\"show_duration\":\"400\",\"hide_transition\":\"down\",\"hide_offset\":\"50\",\"hide_delay\":\"10\",\"hide_duration\":\"400\"}'),
(70, 4, 126, 0, 'First', 'paragraph', 'Lorem ipsum dolor sit amet\n', '', '', '', '', '', '{\"display\":\"opened\",\"horizontal\":\"center\",\"width\":\"auto\",\"preset_styles\":[\"as-white\",\"as-padding\"],\"position\":\"topLeft\",\"vertical\":\"46%\",\"height\":\"auto\",\"custom_class\":\"\",\"show_transition\":\"right\",\"show_offset\":\"50\",\"show_delay\":\"200\",\"show_duration\":\"400\",\"hide_transition\":\"left\",\"hide_offset\":\"50\",\"hide_delay\":\"10\",\"hide_duration\":\"400\"}'),
(71, 4, 126, 1, 'Second', 'paragraph', 'consectetur adipisicing elit\n', '', '', '', '', '', '{\"display\":\"opened\",\"horizontal\":\"center\",\"width\":\"auto\",\"preset_styles\":[\"as-black\",\"as-padding\"],\"position\":\"topLeft\",\"vertical\":\"58%\",\"height\":\"auto\",\"custom_class\":\"hide-small-screen\",\"show_transition\":\"left\",\"show_offset\":\"50\",\"show_delay\":\"400\",\"show_duration\":\"400\",\"hide_transition\":\"right\",\"hide_offset\":\"50\",\"hide_delay\":\"200\",\"hide_duration\":\"400\"}'),
(72, 4, 127, 2, 'Third', 'paragraph', 'consectetur adipisicing elit.\n', '', '', '', '', '', '{\"display\":\"opened\",\"horizontal\":\"265\",\"width\":\"auto\",\"preset_styles\":[\"as-white\",\"as-padding\"],\"position\":\"bottomLeft\",\"vertical\":\"20\",\"height\":\"auto\",\"custom_class\":\"hide-small-screen\",\"show_transition\":\"left\",\"show_offset\":\"50\",\"show_delay\":\"800\",\"show_duration\":\"400\",\"hide_transition\":\"up\",\"hide_offset\":\"50\",\"hide_delay\":\"10\",\"hide_duration\":\"400\"}'),
(73, 4, 127, 1, 'Second', 'paragraph', 'dolor sit amet\n', '', '', '', '', '', '{\"display\":\"opened\",\"horizontal\":\"140\",\"width\":\"auto\",\"preset_styles\":[\"as-black\",\"as-padding\"],\"position\":\"bottomLeft\",\"vertical\":\"20\",\"height\":\"auto\",\"custom_class\":\"hide-small-screen\",\"show_transition\":\"left\",\"show_offset\":\"50\",\"show_delay\":\"600\",\"show_duration\":\"400\",\"hide_transition\":\"up\",\"hide_offset\":\"50\",\"hide_delay\":\"100\",\"hide_duration\":\"400\"}'),
(74, 4, 127, 0, 'First', 'paragraph', 'Lorem ipsum\n', '', '', '', '', '', '{\"display\":\"opened\",\"horizontal\":\"20\",\"width\":\"auto\",\"preset_styles\":[\"as-white\",\"as-padding\"],\"position\":\"bottomLeft\",\"vertical\":\"20\",\"height\":\"auto\",\"custom_class\":\"\",\"show_transition\":\"left\",\"show_offset\":\"50\",\"show_delay\":\"600\",\"show_duration\":\"400\",\"hide_transition\":\"up\",\"hide_offset\":\"50\",\"hide_delay\":\"200\",\"hide_duration\":\"400\"}'),
(75, 4, 128, 2, 'Third', 'paragraph', 'sed do eiusmod tempor incididunt ut labore et dolore magna aliqua. Ut enim ad minim veniam, quis nostrud exercitation ullamco laboris nisi ut aliquip ex ea commodo consequat.\n', '', '', '', '', '', '{\"display\":\"opened\",\"horizontal\":\"40\",\"width\":\"350\",\"preset_styles\":[\"as-black\",\"as-padding\"],\"position\":\"topLeft\",\"vertical\":\"136\",\"height\":\"auto\",\"custom_class\":\"hide-small-screen\",\"show_transition\":\"left\",\"show_offset\":\"50\",\"show_delay\":\"900\",\"show_duration\":\"400\",\"hide_transition\":\"left\",\"hide_offset\":\"50\",\"hide_delay\":\"500\",\"hide_duration\":\"400\"}'),
(76, 4, 128, 1, 'Second', 'paragraph', 'consectetur adipisicing elit\n', '', '', '', '', '', '{\"display\":\"opened\",\"horizontal\":\"40\",\"width\":\"auto\",\"preset_styles\":[\"as-white\",\"as-padding\"],\"position\":\"topLeft\",\"vertical\":\"88\",\"height\":\"auto\",\"custom_class\":\"hide-medium-screen\",\"show_transition\":\"left\",\"show_offset\":\"50\",\"show_delay\":\"700\",\"show_duration\":\"400\",\"hide_transition\":\"left\",\"hide_offset\":\"50\",\"hide_delay\":\"200\",\"hide_duration\":\"400\"}'),
(77, 4, 128, 0, 'First', 'heading', 'Lorem ipsum dolor sit amet\n', 'h3', '', '', '', '', '{\"display\":\"opened\",\"horizontal\":\"40\",\"width\":\"auto\",\"preset_styles\":[\"as-black\",\"as-padding\"],\"position\":\"topLeft\",\"vertical\":\"40\",\"height\":\"auto\",\"custom_class\":\"\",\"show_transition\":\"left\",\"show_offset\":\"50\",\"show_delay\":\"500\",\"show_duration\":\"400\",\"hide_transition\":\"left\",\"hide_offset\":\"50\",\"hide_delay\":\"10\",\"hide_duration\":\"400\"}'),
(78, 5, 129, 0, 'text', 'div', '<p class=\"title\">Cathedral</p>\n<div class=\"description\">\n    <p>The film is based on a short story by Jacek Dukaj under the same title. In 2002 \"Cathedral\" was awarded the main prize at SIGGRAPH festival. A year later it received an Oscar nomination in the category \"Best Animated Short Film\".</p>\n    <p>Synopsis: Story of a pilgrim who comes to the Cathedral on the border of the known world. He wants to find answers. He finds tranquility.</p>\n</div>\n<p class=\"link\">Source: <a href=\"http://www.youtube.com/watch?v=msIjWthwWwI\" target=\"_blank\">youtube.com/</a></p>\n', '', '', '', '', '', '{\"display\":\"always\",\"horizontal\":\"0\",\"width\":\"235\",\"preset_styles\":[],\"position\":\"topLeft\",\"vertical\":\"0\",\"height\":\"350\",\"custom_class\":\"text\",\"show_transition\":\"fade\",\"show_offset\":\"50\",\"show_delay\":\"10\",\"show_duration\":\"400\",\"hide_transition\":\"fade\",\"hide_offset\":\"50\",\"hide_delay\":\"10\",\"hide_duration\":\"400\"}'),
(79, 5, 129, 1, 'video', 'video', '<iframe src=\"//www.youtube.com/embed/msIjWthwWwI?enablejsapi=1&wmode=opaque\" frameborder=\"0\" allowfullscreen=\"\" class=\"as-video\"></iframe>', '', '', '', '', '', '{\"display\":\"always\",\"horizontal\":\"245\",\"width\":\"500\",\"preset_styles\":[],\"position\":\"topLeft\",\"vertical\":\"0\",\"height\":\"350\",\"custom_class\":\"\",\"show_transition\":\"fade\",\"show_offset\":\"50\",\"show_delay\":\"10\",\"show_duration\":\"400\",\"hide_transition\":\"fade\",\"hide_offset\":\"50\",\"hide_delay\":\"10\",\"hide_duration\":\"400\"}'),
(80, 5, 130, 0, 'text', 'div', '<p class=\"title\">Open Education</p>\n<div class=\"description\">\n    <p>A video made about a topic close to our hearts - Open Education! Blink Tower is a small team based in Cape Town, South Africa - and we love making explainer videos!</p>\n    <p>Lorem ipsum dolor sit amet, consectetur adipisicing elit, sed do eiusmod tempor incididunt ut labore et dolore magna aliqua. Ut enim ad minim veniam, quis nostrud exercitation ullamco laboris.</p>\n</div>\n<p class=\"link\">Source: <a href=\"http://vimeo.com/43401199\" target=\"_blank\">vimeo.com</a></p>\n', '', '', '', '', '', '{\"display\":\"always\",\"horizontal\":\"0\",\"width\":\"235\",\"preset_styles\":[],\"position\":\"topLeft\",\"vertical\":\"0\",\"height\":\"350\",\"custom_class\":\"text\",\"show_transition\":\"fade\",\"show_offset\":\"50\",\"show_delay\":\"10\",\"show_duration\":\"400\",\"hide_transition\":\"fade\",\"hide_offset\":\"50\",\"hide_delay\":\"10\",\"hide_duration\":\"400\"}'),
(81, 5, 130, 1, 'video', 'video', '<iframe src=\"//player.vimeo.com/video/43401199?api=1\" frameborder=\"0\" webkitallowfullscreen=\"\" mozallowfullscreen=\"\" allowfullscreen=\"\" class=\"as-video\"></iframe>', '', '', '', '', '', '{\"display\":\"always\",\"horizontal\":\"245\",\"width\":\"500\",\"preset_styles\":[],\"position\":\"topLeft\",\"vertical\":\"0\",\"height\":\"350\",\"custom_class\":\"\",\"show_transition\":\"fade\",\"show_offset\":\"50\",\"show_delay\":\"10\",\"show_duration\":\"400\",\"hide_transition\":\"fade\",\"hide_offset\":\"50\",\"hide_delay\":\"10\",\"hide_duration\":\"400\"}'),
(82, 5, 131, 0, 'text', 'div', '<p class=\"title\">Big Buck Bunny</p>\n<div class=\"description\">\n    <p>As a follow-up to the successful project Orange\'s \"Elephants Dream\", the Blender Foundation initiated another open movie project. Again a small team (7) of the best 3D artists and developers in the Blender community have been invited to come together to work in Amsterdam from October 2007 until April 2008 on completing a short 3D animation movie.</p>\n</div>\n<p class=\"link\">Source: <a href=\"http://www.bigbuckbunny.org\" target=\"_blank\">bigbuckbunny.org</a></p>', '', '', '', '', '', '{\"display\":\"always\",\"horizontal\":\"0\",\"width\":\"235\",\"preset_styles\":[],\"position\":\"topLeft\",\"vertical\":\"0\",\"height\":\"350\",\"custom_class\":\"text\",\"show_transition\":\"fade\",\"show_offset\":\"50\",\"show_delay\":\"10\",\"show_duration\":\"400\",\"hide_transition\":\"fade\",\"hide_offset\":\"50\",\"hide_delay\":\"10\",\"hide_duration\":\"400\"}'),
(83, 5, 131, 1, 'video', 'video', '<video id=\"video3\" class=\"as-video\" controls=\"controls\" preload=\"none\" poster=\"http://bqworks.com/products/assets/videos/bbb/bbb-poster.jpg\">\n    <source src=\"http://bqworks.com/products/assets/videos/bbb/bbb-trailer.mp4\" type=\"video/mp4\">\n    <source src=\"http://bqworks.com/products/assets/videos/bbb/bbb-trailer.ogg\" type=\"video/ogg\">\n</video>', '', '', '', '', '', '{\"display\":\"always\",\"horizontal\":\"245\",\"width\":\"500\",\"preset_styles\":[],\"position\":\"topLeft\",\"vertical\":\"0\",\"height\":\"350\",\"custom_class\":\"\",\"show_transition\":\"fade\",\"show_offset\":\"50\",\"show_delay\":\"10\",\"show_duration\":\"400\",\"hide_transition\":\"fade\",\"hide_offset\":\"50\",\"hide_delay\":\"10\",\"hide_duration\":\"400\"}'),
(84, 5, 132, 0, 'text', 'div', '<p class=\"title\">Sintel</p>\n<div class=\"description\">\n    <p>\"Sintel\" is an independently produced short film, initiated by the Blender Foundation as a means to further improve and validate the free/open source 3D creation suite Blender.</p>\n    <p>This 15 minute film has been realized in the studio of the Amsterdam Blender Institute. In addition to that, several crucial technical and creative targets have been realized online.</p>\n</div>\n<p class=\"link\">Source: <a href=\"http://www.sintel.org/\" target=\"_blank\">sintel.org</a></p>', '', '', '', '', '', '{\"display\":\"always\",\"horizontal\":\"0\",\"width\":\"235\",\"preset_styles\":[],\"position\":\"topLeft\",\"vertical\":\"0\",\"height\":\"350\",\"custom_class\":\"text\",\"show_transition\":\"fade\",\"show_offset\":\"50\",\"show_delay\":\"10\",\"show_duration\":\"400\",\"hide_transition\":\"fade\",\"hide_offset\":\"50\",\"hide_delay\":\"10\",\"hide_duration\":\"400\"}'),
(85, 5, 132, 1, 'video', 'video', '<div class=\"as-video\" data-videojs-id=\"video2\"><video id=\"video2\" class=\"video-js vjs-default-skin\" poster=\"http://bqworks.com/products/assets/videos/sintel/sintel-poster.jpg\" width=\"500\" height=\"350\" controls=\"controls\" preload=\"none\" data-setup=\"{}\">\n    <source src=\"http://bqworks.com/products/assets/videos/sintel/sintel-trailer.mp4\" type=\"video/mp4\">\n    <source src=\"http://bqworks.com/products/assets/videos/sintel/sintel-trailer.ogv\" type=\"video/ogg\">\n</video></div>', '', '', '', '', '', '{\"display\":\"always\",\"horizontal\":\"245\",\"width\":\"500\",\"preset_styles\":[],\"position\":\"topLeft\",\"vertical\":\"0\",\"height\":\"350\",\"custom_class\":\"\",\"show_transition\":\"fade\",\"show_offset\":\"50\",\"show_delay\":\"10\",\"show_duration\":\"400\",\"hide_transition\":\"fade\",\"hide_offset\":\"50\",\"hide_delay\":\"10\",\"hide_duration\":\"400\"}'),
(896, 1, 411, 0, 'Layer 1', 'heading', 'Partner Convening 1', 'h3', '', '', '', '', '{\"display\":\"opened\",\"horizontal\":\"0\",\"width\":\"auto\",\"preset_styles\":[\"as-padding\"],\"position\":\"bottomLeft\",\"vertical\":\"0\",\"height\":\"auto\",\"custom_class\":\"\",\"show_transition\":\"fade\",\"show_offset\":\"50\",\"show_delay\":\"10\",\"show_duration\":\"400\",\"hide_transition\":\"fade\",\"hide_offset\":\"50\",\"hide_delay\":\"10\",\"hide_duration\":\"400\"}'),
(1249, 7, 555, 1, 'Counter', 'div', 'Catalyst FINposium 10', '', '', '', '', '', '{\"display\":\"closed\",\"horizontal\":\"8\",\"width\":\"auto\",\"preset_styles\":[\"as-white\",\"as-padding\"],\"position\":\"bottomLeft\",\"vertical\":\"8\",\"height\":\"auto\",\"custom_class\":\"panel-counter\",\"show_transition\":\"fade\",\"show_offset\":\"50\",\"show_delay\":\"10\",\"show_duration\":\"400\",\"hide_transition\":\"fade\",\"hide_offset\":\"50\",\"hide_delay\":\"10\",\"hide_duration\":\"400\"}'),
(1019, 2, 466, 2, 'Content', 'paragraph', '<strong>Event:</strong> Workshop on Innovation Partnerships with Financial Institutions<br />\n<strong>Date:</strong> October 26<sup>th</sup>, 2017<br />\n<strong>Location:</strong> Jaipur, India<br />\n<strong>Attendance:</strong> 57 participants representing 37 organisations<br />\n', '', '', '', '', '', '{\"display\":\"opened\",\"horizontal\":\"5%\",\"width\":\"90%\",\"preset_styles\":[\"as-white\",\"as-padding\"],\"position\":\"topLeft\",\"vertical\":\"14%\",\"height\":\"auto\",\"custom_class\":\"ptc-content1\",\"show_transition\":\"down\",\"show_offset\":\"50\",\"show_delay\":\"400\",\"show_duration\":\"400\",\"hide_transition\":\"up\",\"hide_offset\":\"50\",\"hide_delay\":\"10\",\"hide_duration\":\"400\"}'),
(1018, 2, 466, 1, 'Counter', 'div', 'Catalyst FINposium 9', '', '', '', '', '', '{\"display\":\"closed\",\"horizontal\":\"8\",\"width\":\"auto\",\"preset_styles\":[\"as-white\",\"as-padding\"],\"position\":\"bottomLeft\",\"vertical\":\"8\",\"height\":\"auto\",\"custom_class\":\"panel-counter\",\"show_transition\":\"fade\",\"show_offset\":\"50\",\"show_delay\":\"10\",\"show_duration\":\"400\",\"hide_transition\":\"fade\",\"hide_offset\":\"50\",\"hide_delay\":\"10\",\"hide_duration\":\"400\"}'),
(1014, 2, 465, 0, 'Heading', 'heading', 'Catalyst FINposium 7-8', 'h2', '', '', '', '', '{\"display\":\"opened\",\"horizontal\":\"5%\",\"width\":\"auto\",\"preset_styles\":[\"as-white\",\"as-padding\"],\"position\":\"topLeft\",\"vertical\":\"5%\",\"height\":\"auto\",\"custom_class\":\"ptc-title1\",\"show_transition\":\"fade\",\"show_offset\":\"50\",\"show_delay\":\"300\",\"show_duration\":\"400\",\"hide_transition\":\"fade\",\"hide_offset\":\"50\",\"hide_delay\":\"10\",\"hide_duration\":\"400\"}'),
(1015, 2, 465, 1, 'Counter', 'div', 'Catalyst FINposium 7-8', '', '', '', '', '', '{\"display\":\"closed\",\"horizontal\":\"8\",\"width\":\"auto\",\"preset_styles\":[\"as-white\",\"as-padding\"],\"position\":\"bottomLeft\",\"vertical\":\"8\",\"height\":\"auto\",\"custom_class\":\"panel-counter\",\"show_transition\":\"fade\",\"show_offset\":\"50\",\"show_delay\":\"10\",\"show_duration\":\"400\",\"hide_transition\":\"fade\",\"hide_offset\":\"50\",\"hide_delay\":\"10\",\"hide_duration\":\"400\"}'),
(1016, 2, 465, 2, 'Content', 'paragraph', '<strong>Event:</strong> Catalyst FINposium<br />\n<strong>Date:</strong> May 15<sup>th</sup> & 18<sup>th</sup>, 2017<br />\n<strong>Location:</strong> Mumbai and Delhi<br />\n', '', '', '', '', '', '{\"display\":\"opened\",\"horizontal\":\"5%\",\"width\":\"90%\",\"preset_styles\":[\"as-white\",\"as-padding\"],\"position\":\"topLeft\",\"vertical\":\"14%\",\"height\":\"auto\",\"custom_class\":\"ptc-content1\",\"show_transition\":\"down\",\"show_offset\":\"50\",\"show_delay\":\"400\",\"show_duration\":\"400\",\"hide_transition\":\"up\",\"hide_offset\":\"50\",\"hide_delay\":\"10\",\"hide_duration\":\"400\"}'),
(1017, 2, 466, 0, 'Heading', 'heading', 'Catalyst FINposium 9', 'h2', '', '', '', '', '{\"display\":\"opened\",\"horizontal\":\"5%\",\"width\":\"auto\",\"preset_styles\":[\"as-white\",\"as-padding\"],\"position\":\"topLeft\",\"vertical\":\"5%\",\"height\":\"auto\",\"custom_class\":\"ptc-title1\",\"show_transition\":\"fade\",\"show_offset\":\"50\",\"show_delay\":\"300\",\"show_duration\":\"400\",\"hide_transition\":\"fade\",\"hide_offset\":\"50\",\"hide_delay\":\"10\",\"hide_duration\":\"400\"}'),
(1011, 2, 464, 0, 'Heading', 'heading', 'Catalyst FINposium 6', 'h2', '', '', '', '', '{\"display\":\"opened\",\"horizontal\":\"5%\",\"width\":\"auto\",\"preset_styles\":[\"as-white\",\"as-padding\"],\"position\":\"topLeft\",\"vertical\":\"5%\",\"height\":\"auto\",\"custom_class\":\"ptc-title1\",\"show_transition\":\"fade\",\"show_offset\":\"50\",\"show_delay\":\"300\",\"show_duration\":\"400\",\"hide_transition\":\"fade\",\"hide_offset\":\"50\",\"hide_delay\":\"10\",\"hide_duration\":\"400\"}'),
(1012, 2, 464, 1, 'Counter', 'div', 'Catalyst FINposium 6', '', '', '', '', '', '{\"display\":\"closed\",\"horizontal\":\"8\",\"width\":\"auto\",\"preset_styles\":[\"as-white\",\"as-padding\"],\"position\":\"bottomLeft\",\"vertical\":\"8\",\"height\":\"auto\",\"custom_class\":\"panel-counter\",\"show_transition\":\"fade\",\"show_offset\":\"50\",\"show_delay\":\"10\",\"show_duration\":\"400\",\"hide_transition\":\"fade\",\"hide_offset\":\"50\",\"hide_delay\":\"10\",\"hide_duration\":\"400\"}'),
(1013, 2, 464, 2, 'Content', 'paragraph', '<strong>Event:</strong> Workshop on Innovation Partnerships with Knowledge and Policy Stakeholders<br />\n<strong>Date:</strong> December 7<sup>th</sup>, 2016<br />\n<strong>Location:</strong> New Delhi<br />\n<strong>Attendance:</strong> 41 participants representing 25 organizations', '', '', '', '', '', '{\"display\":\"opened\",\"horizontal\":\"5%\",\"width\":\"90%\",\"preset_styles\":[\"as-white\",\"as-padding\"],\"position\":\"topLeft\",\"vertical\":\"14%\",\"height\":\"auto\",\"custom_class\":\"ptc-content1\",\"show_transition\":\"down\",\"show_offset\":\"50\",\"show_delay\":\"400\",\"show_duration\":\"400\",\"hide_transition\":\"up\",\"hide_offset\":\"50\",\"hide_delay\":\"10\",\"hide_duration\":\"400\"}'),
(1009, 2, 463, 1, 'Counter', 'div', 'Catalyst FINposium 5', '', '', '', '', '', '{\"display\":\"closed\",\"horizontal\":\"8\",\"width\":\"auto\",\"preset_styles\":[\"as-white\",\"as-padding\"],\"position\":\"bottomLeft\",\"vertical\":\"8\",\"height\":\"auto\",\"custom_class\":\"panel-counter\",\"show_transition\":\"fade\",\"show_offset\":\"50\",\"show_delay\":\"10\",\"show_duration\":\"400\",\"hide_transition\":\"fade\",\"hide_offset\":\"50\",\"hide_delay\":\"10\",\"hide_duration\":\"400\"}'),
(1010, 2, 463, 2, 'Content', 'paragraph', '<strong>Event:</strong> Workshop on Innovation Partnerships with Fintech Players<br />\n<strong>Date:</strong> November 18<sup>th</sup>, 2016<br />\n<strong>Location:</strong> Bangalore<br />\n<strong>Attendance:</strong> 30 participants representing 26 organizations', '', '', '', '', '', '{\"display\":\"opened\",\"horizontal\":\"5%\",\"width\":\"90%\",\"preset_styles\":[\"as-white\",\"as-padding\"],\"position\":\"topLeft\",\"vertical\":\"14%\",\"height\":\"auto\",\"custom_class\":\"ptc-content1\",\"show_transition\":\"down\",\"show_offset\":\"50\",\"show_delay\":\"400\",\"show_duration\":\"400\",\"hide_transition\":\"up\",\"hide_offset\":\"50\",\"hide_delay\":\"10\",\"hide_duration\":\"400\"}'),
(1008, 2, 463, 0, 'Heading', 'heading', 'Catalyst FINposium 5', 'h2', '', '', '', '', '{\"display\":\"opened\",\"horizontal\":\"5%\",\"width\":\"auto\",\"preset_styles\":[\"as-white\",\"as-padding\"],\"position\":\"topLeft\",\"vertical\":\"5%\",\"height\":\"auto\",\"custom_class\":\"ptc-title1\",\"show_transition\":\"fade\",\"show_offset\":\"50\",\"show_delay\":\"300\",\"show_duration\":\"400\",\"hide_transition\":\"fade\",\"hide_offset\":\"50\",\"hide_delay\":\"10\",\"hide_duration\":\"400\"}'),
(1006, 2, 462, 1, 'Counter', 'div', 'Catalyst FINposium 4', '', '', '', '', '', '{\"display\":\"closed\",\"horizontal\":\"8\",\"width\":\"auto\",\"preset_styles\":[\"as-white\",\"as-padding\"],\"position\":\"bottomLeft\",\"vertical\":\"8\",\"height\":\"auto\",\"custom_class\":\"panel-counter\",\"show_transition\":\"fade\",\"show_offset\":\"50\",\"show_delay\":\"10\",\"show_duration\":\"400\",\"hide_transition\":\"fade\",\"hide_offset\":\"50\",\"hide_delay\":\"10\",\"hide_duration\":\"400\"}'),
(1007, 2, 462, 2, 'Content', 'paragraph', '<strong>Event:</strong> Workshop on Innovation Partnerships with Financial Institutions<br />\n<strong>Date:</strong> November 15<sup>th</sup>, 2016<br />\n<strong>Location:</strong> Mumbai<br />\n<strong>Attendance:</strong> 28 participants representing 24 organizations ', '', '', '', '', '', '{\"display\":\"opened\",\"horizontal\":\"5%\",\"width\":\"60%\",\"preset_styles\":[\"as-white\",\"as-padding\"],\"position\":\"topLeft\",\"vertical\":\"14%\",\"height\":\"auto\",\"custom_class\":\"ptc-content\",\"show_transition\":\"down\",\"show_offset\":\"50\",\"show_delay\":\"400\",\"show_duration\":\"400\",\"hide_transition\":\"up\",\"hide_offset\":\"50\",\"hide_delay\":\"10\",\"hide_duration\":\"400\"}'),
(1003, 2, 461, 1, 'Counter', 'div', 'Catalyst FINposium 3', '', '', '', '', '', '{\"display\":\"closed\",\"horizontal\":\"8\",\"width\":\"auto\",\"preset_styles\":[\"as-white\",\"as-padding\"],\"position\":\"bottomLeft\",\"vertical\":\"8\",\"height\":\"auto\",\"custom_class\":\"panel-counter\",\"show_transition\":\"fade\",\"show_offset\":\"50\",\"show_delay\":\"10\",\"show_duration\":\"400\",\"hide_transition\":\"fade\",\"hide_offset\":\"50\",\"hide_delay\":\"10\",\"hide_duration\":\"400\"}'),
(1004, 2, 461, 2, 'Content', 'paragraph', '<strong>Event:</strong> Working Group Meeting <br />\n<strong>Date:</strong> June, 2016<br />\n<strong>Location:</strong> New Delhi<br />\n<strong>Attendance:</strong> 61 participants representing 45 organizations', '', '', '', '', '', '{\"display\":\"opened\",\"horizontal\":\"5%\",\"width\":\"90%\",\"preset_styles\":[\"as-white\",\"as-padding\"],\"position\":\"topLeft\",\"vertical\":\"14%\",\"height\":\"auto\",\"custom_class\":\"ptc-content\",\"show_transition\":\"down\",\"show_offset\":\"50\",\"show_delay\":\"400\",\"show_duration\":\"400\",\"hide_transition\":\"up\",\"hide_offset\":\"50\",\"hide_delay\":\"10\",\"hide_duration\":\"400\"}'),
(1005, 2, 462, 0, 'Heading', 'heading', 'Catalyst FINposium 4', 'h2', '', '', '', '', '{\"display\":\"opened\",\"horizontal\":\"5%\",\"width\":\"auto\",\"preset_styles\":[\"as-white\",\"as-padding\"],\"position\":\"topLeft\",\"vertical\":\"5%\",\"height\":\"auto\",\"custom_class\":\"ptc-title\",\"show_transition\":\"fade\",\"show_offset\":\"50\",\"show_delay\":\"300\",\"show_duration\":\"400\",\"hide_transition\":\"fade\",\"hide_offset\":\"50\",\"hide_delay\":\"10\",\"hide_duration\":\"400\"}'),
(999, 2, 460, 0, 'Heading', 'heading', 'Catalyst FINposium 2', 'h2', '', '', '', '', '{\"display\":\"opened\",\"horizontal\":\"5%\",\"width\":\"auto\",\"preset_styles\":[\"as-white\",\"as-padding\"],\"position\":\"topLeft\",\"vertical\":\"5%\",\"height\":\"auto\",\"custom_class\":\"ptc-title\",\"show_transition\":\"fade\",\"show_offset\":\"50\",\"show_delay\":\"300\",\"show_duration\":\"400\",\"hide_transition\":\"fade\",\"hide_offset\":\"50\",\"hide_delay\":\"10\",\"hide_duration\":\"400\"}'),
(1002, 2, 461, 0, 'Heading', 'heading', 'Catalyst FINposium 3', 'h2', '', '', '', '', '{\"display\":\"opened\",\"horizontal\":\"5%\",\"width\":\"auto\",\"preset_styles\":[\"as-white\",\"as-padding\"],\"position\":\"topLeft\",\"vertical\":\"5%\",\"height\":\"auto\",\"custom_class\":\"ptc-title\",\"show_transition\":\"fade\",\"show_offset\":\"50\",\"show_delay\":\"300\",\"show_duration\":\"400\",\"hide_transition\":\"fade\",\"hide_offset\":\"50\",\"hide_delay\":\"10\",\"hide_duration\":\"400\"}'),
(1000, 2, 460, 1, 'Counter', 'div', 'Catalyst FINposium 2', '', '', '', '', '', '{\"display\":\"closed\",\"horizontal\":\"8\",\"width\":\"auto\",\"preset_styles\":[\"as-white\",\"as-padding\"],\"position\":\"bottomLeft\",\"vertical\":\"8\",\"height\":\"auto\",\"custom_class\":\"panel-counter\",\"show_transition\":\"fade\",\"show_offset\":\"50\",\"show_delay\":\"10\",\"show_duration\":\"400\",\"hide_transition\":\"fade\",\"hide_offset\":\"50\",\"hide_delay\":\"10\",\"hide_duration\":\"400\"}'),
(1001, 2, 460, 2, 'Content', 'paragraph', '<strong>Event</strong> Working Group Meeting<br />\n<strong>Date:</strong> January, 2016<br />\n<strong>Location:</strong> New Delhi<br />\n<strong>Attendance:</strong> 55 participants representing 38 organizations', '', '', '', '', '', '{\"display\":\"opened\",\"horizontal\":\"5%\",\"width\":\"90%\",\"preset_styles\":[\"as-white\",\"as-padding\"],\"position\":\"topLeft\",\"vertical\":\"14%\",\"height\":\"auto\",\"custom_class\":\"ptc-content\",\"show_transition\":\"down\",\"show_offset\":\"50\",\"show_delay\":\"400\",\"show_duration\":\"400\",\"hide_transition\":\"up\",\"hide_offset\":\"50\",\"hide_delay\":\"10\",\"hide_duration\":\"400\"}'),
(998, 2, 459, 2, 'Content', 'paragraph', '<strong>Event:</strong> Working Group Meeting<br />\n<strong>Date:</strong> May 26<sup>th</sup>, 2015<br />\n<strong>Location:</strong> Mumbai<br />\n<strong>Attendance:</strong> 38 participants representing 28 organizations', '', '', '', '', '', '{\"display\":\"opened\",\"horizontal\":\"5%\",\"width\":\"90%\",\"preset_styles\":[\"as-white\",\"as-padding\"],\"position\":\"topLeft\",\"vertical\":\"14%\",\"height\":\"auto\",\"custom_class\":\"ptc-content\",\"show_transition\":\"down\",\"show_offset\":\"50\",\"show_delay\":\"400\",\"show_duration\":\"400\",\"hide_transition\":\"up\",\"hide_offset\":\"50\",\"hide_delay\":\"10\",\"hide_duration\":\"400\"}'),
(996, 2, 459, 0, 'Heading', 'heading', 'Catalyst FINposium 1', 'h2', '', '', '', '', '{\"display\":\"opened\",\"horizontal\":\"5%\",\"width\":\"auto\",\"preset_styles\":[\"as-white\",\"as-padding\"],\"position\":\"topLeft\",\"vertical\":\"5%\",\"height\":\"auto\",\"custom_class\":\"ptc-title\",\"show_transition\":\"fade\",\"show_offset\":\"50\",\"show_delay\":\"300\",\"show_duration\":\"400\",\"hide_transition\":\"fade\",\"hide_offset\":\"50\",\"hide_delay\":\"10\",\"hide_duration\":\"400\"}'),
(997, 2, 459, 1, 'Counter', 'div', 'Catalyst FINposium 1', '', '', '', '', '', '{\"display\":\"closed\",\"horizontal\":\"8\",\"width\":\"auto\",\"preset_styles\":[\"as-white\",\"as-padding\"],\"position\":\"bottomLeft\",\"vertical\":\"8\",\"height\":\"auto\",\"custom_class\":\"panel-counter\",\"show_transition\":\"fade\",\"show_offset\":\"50\",\"show_delay\":\"10\",\"show_duration\":\"400\",\"hide_transition\":\"fade\",\"hide_offset\":\"50\",\"hide_delay\":\"10\",\"hide_duration\":\"400\"}'),
(1248, 7, 555, 0, 'Heading', 'heading', 'Catalyst FINposium 10', 'h2', '', '', '', '', '{\"display\":\"opened\",\"horizontal\":\"5%\",\"width\":\"auto\",\"preset_styles\":[\"as-white\",\"as-padding\"],\"position\":\"topLeft\",\"vertical\":\"5%\",\"height\":\"auto\",\"custom_class\":\"ptc-title1\",\"show_transition\":\"fade\",\"show_offset\":\"50\",\"show_delay\":\"300\",\"show_duration\":\"400\",\"hide_transition\":\"fade\",\"hide_offset\":\"50\",\"hide_delay\":\"10\",\"hide_duration\":\"400\"}'),
(1247, 7, 554, 2, 'Content', 'paragraph', '<strong>Event:</strong> Workshop on Innovation Partnerships with Financial Institutions<br />\n<strong>Date:</strong> October 26<sup>th</sup>, 2017<br />\n<strong>Location:</strong> Jaipur, India<br />\n<strong>Attendance:</strong> 57 participants representing 37 organisations<br />\n', '', '', '', '', '', '{\"display\":\"opened\",\"horizontal\":\"5%\",\"width\":\"90%\",\"preset_styles\":[\"as-white\",\"as-padding\"],\"position\":\"topLeft\",\"vertical\":\"14%\",\"height\":\"auto\",\"custom_class\":\"ptc-content1\",\"show_transition\":\"down\",\"show_offset\":\"50\",\"show_delay\":\"400\",\"show_duration\":\"400\",\"hide_transition\":\"up\",\"hide_offset\":\"50\",\"hide_delay\":\"10\",\"hide_duration\":\"400\"}'),
(1245, 7, 554, 0, 'Heading', 'heading', 'Catalyst FINposium 9', 'h2', '', '', '', '', '{\"display\":\"opened\",\"horizontal\":\"5%\",\"width\":\"auto\",\"preset_styles\":[\"as-white\",\"as-padding\"],\"position\":\"topLeft\",\"vertical\":\"5%\",\"height\":\"auto\",\"custom_class\":\"ptc-title1\",\"show_transition\":\"fade\",\"show_offset\":\"50\",\"show_delay\":\"300\",\"show_duration\":\"400\",\"hide_transition\":\"fade\",\"hide_offset\":\"50\",\"hide_delay\":\"10\",\"hide_duration\":\"400\"}'),
(1246, 7, 554, 1, 'Counter', 'div', 'Catalyst FINposium 9', '', '', '', '', '', '{\"display\":\"closed\",\"horizontal\":\"8\",\"width\":\"auto\",\"preset_styles\":[\"as-white\",\"as-padding\"],\"position\":\"bottomLeft\",\"vertical\":\"8\",\"height\":\"auto\",\"custom_class\":\"panel-counter\",\"show_transition\":\"fade\",\"show_offset\":\"50\",\"show_delay\":\"10\",\"show_duration\":\"400\",\"hide_transition\":\"fade\",\"hide_offset\":\"50\",\"hide_delay\":\"10\",\"hide_duration\":\"400\"}'),
(1244, 7, 553, 2, 'Content', 'paragraph', '<strong>Event:</strong> Catalyst FINposium<br />\n<strong>Date:</strong> May 15<sup>th</sup> & 18<sup>th</sup>, 2017<br />\n<strong>Location:</strong> Mumbai and Delhi<br />\n', '', '', '', '', '', '{\"display\":\"opened\",\"horizontal\":\"5%\",\"width\":\"90%\",\"preset_styles\":[\"as-white\",\"as-padding\"],\"position\":\"topLeft\",\"vertical\":\"14%\",\"height\":\"auto\",\"custom_class\":\"ptc-content1\",\"show_transition\":\"down\",\"show_offset\":\"50\",\"show_delay\":\"400\",\"show_duration\":\"400\",\"hide_transition\":\"up\",\"hide_offset\":\"50\",\"hide_delay\":\"10\",\"hide_duration\":\"400\"}'),
(1243, 7, 553, 1, 'Counter', 'div', 'Catalyst FINposium 7-8', '', '', '', '', '', '{\"display\":\"closed\",\"horizontal\":\"8\",\"width\":\"auto\",\"preset_styles\":[\"as-white\",\"as-padding\"],\"position\":\"bottomLeft\",\"vertical\":\"8\",\"height\":\"auto\",\"custom_class\":\"panel-counter\",\"show_transition\":\"fade\",\"show_offset\":\"50\",\"show_delay\":\"10\",\"show_duration\":\"400\",\"hide_transition\":\"fade\",\"hide_offset\":\"50\",\"hide_delay\":\"10\",\"hide_duration\":\"400\"}'),
(1242, 7, 553, 0, 'Heading', 'heading', 'Catalyst FINposium 7-8', 'h2', '', '', '', '', '{\"display\":\"opened\",\"horizontal\":\"5%\",\"width\":\"auto\",\"preset_styles\":[\"as-white\",\"as-padding\"],\"position\":\"topLeft\",\"vertical\":\"5%\",\"height\":\"auto\",\"custom_class\":\"ptc-title1\",\"show_transition\":\"fade\",\"show_offset\":\"50\",\"show_delay\":\"300\",\"show_duration\":\"400\",\"hide_transition\":\"fade\",\"hide_offset\":\"50\",\"hide_delay\":\"10\",\"hide_duration\":\"400\"}'),
(1240, 7, 552, 1, 'Counter', 'div', 'Catalyst FINposium 6', '', '', '', '', '', '{\"display\":\"closed\",\"horizontal\":\"8\",\"width\":\"auto\",\"preset_styles\":[\"as-white\",\"as-padding\"],\"position\":\"bottomLeft\",\"vertical\":\"8\",\"height\":\"auto\",\"custom_class\":\"panel-counter\",\"show_transition\":\"fade\",\"show_offset\":\"50\",\"show_delay\":\"10\",\"show_duration\":\"400\",\"hide_transition\":\"fade\",\"hide_offset\":\"50\",\"hide_delay\":\"10\",\"hide_duration\":\"400\"}'),
(1241, 7, 552, 2, 'Content', 'paragraph', '<strong>Event:</strong> Workshop on Innovation Partnerships with Knowledge and Policy Stakeholders<br />\n<strong>Date:</strong> December 7<sup>th</sup>, 2016<br />\n<strong>Location:</strong> New Delhi<br />\n<strong>Attendance:</strong> 41 participants representing 25 organizations', '', '', '', '', '', '{\"display\":\"opened\",\"horizontal\":\"5%\",\"width\":\"90%\",\"preset_styles\":[\"as-white\",\"as-padding\"],\"position\":\"topLeft\",\"vertical\":\"14%\",\"height\":\"auto\",\"custom_class\":\"ptc-content1\",\"show_transition\":\"down\",\"show_offset\":\"50\",\"show_delay\":\"400\",\"show_duration\":\"400\",\"hide_transition\":\"up\",\"hide_offset\":\"50\",\"hide_delay\":\"10\",\"hide_duration\":\"400\"}'),
(1239, 7, 552, 0, 'Heading', 'heading', 'Catalyst FINposium 6', 'h2', '', '', '', '', '{\"display\":\"opened\",\"horizontal\":\"5%\",\"width\":\"auto\",\"preset_styles\":[\"as-white\",\"as-padding\"],\"position\":\"topLeft\",\"vertical\":\"5%\",\"height\":\"auto\",\"custom_class\":\"ptc-title1\",\"show_transition\":\"fade\",\"show_offset\":\"50\",\"show_delay\":\"300\",\"show_duration\":\"400\",\"hide_transition\":\"fade\",\"hide_offset\":\"50\",\"hide_delay\":\"10\",\"hide_duration\":\"400\"}'),
(1238, 7, 551, 2, 'Content', 'paragraph', '<strong>Event:</strong> Workshop on Innovation Partnerships with Fintech Players<br />\n<strong>Date:</strong> November 18<sup>th</sup>, 2016<br />\n<strong>Location:</strong> Bangalore<br />\n<strong>Attendance:</strong> 30 participants representing 26 organizations', '', '', '', '', '', '{\"display\":\"opened\",\"horizontal\":\"5%\",\"width\":\"90%\",\"preset_styles\":[\"as-white\",\"as-padding\"],\"position\":\"topLeft\",\"vertical\":\"14%\",\"height\":\"auto\",\"custom_class\":\"ptc-content1\",\"show_transition\":\"down\",\"show_offset\":\"50\",\"show_delay\":\"400\",\"show_duration\":\"400\",\"hide_transition\":\"up\",\"hide_offset\":\"50\",\"hide_delay\":\"10\",\"hide_duration\":\"400\"}'),
(1237, 7, 551, 1, 'Counter', 'div', 'Catalyst FINposium 5', '', '', '', '', '', '{\"display\":\"closed\",\"horizontal\":\"8\",\"width\":\"auto\",\"preset_styles\":[\"as-white\",\"as-padding\"],\"position\":\"bottomLeft\",\"vertical\":\"8\",\"height\":\"auto\",\"custom_class\":\"panel-counter\",\"show_transition\":\"fade\",\"show_offset\":\"50\",\"show_delay\":\"10\",\"show_duration\":\"400\",\"hide_transition\":\"fade\",\"hide_offset\":\"50\",\"hide_delay\":\"10\",\"hide_duration\":\"400\"}'),
(1236, 7, 551, 0, 'Heading', 'heading', 'Catalyst FINposium 5', 'h2', '', '', '', '', '{\"display\":\"opened\",\"horizontal\":\"5%\",\"width\":\"auto\",\"preset_styles\":[\"as-white\",\"as-padding\"],\"position\":\"topLeft\",\"vertical\":\"5%\",\"height\":\"auto\",\"custom_class\":\"ptc-title1\",\"show_transition\":\"fade\",\"show_offset\":\"50\",\"show_delay\":\"300\",\"show_duration\":\"400\",\"hide_transition\":\"fade\",\"hide_offset\":\"50\",\"hide_delay\":\"10\",\"hide_duration\":\"400\"}'),
(1235, 7, 550, 2, 'Content', 'paragraph', '<strong>Event:</strong> Workshop on Innovation Partnerships with Financial Institutions<br />\n<strong>Date:</strong> November 15<sup>th</sup>, 2016<br />\n<strong>Location:</strong> Mumbai<br />\n<strong>Attendance:</strong> 28 participants representing 24 organizations ', '', '', '', '', '', '{\"display\":\"opened\",\"horizontal\":\"5%\",\"width\":\"60%\",\"preset_styles\":[\"as-white\",\"as-padding\"],\"position\":\"topLeft\",\"vertical\":\"14%\",\"height\":\"auto\",\"custom_class\":\"ptc-content\",\"show_transition\":\"down\",\"show_offset\":\"50\",\"show_delay\":\"400\",\"show_duration\":\"400\",\"hide_transition\":\"up\",\"hide_offset\":\"50\",\"hide_delay\":\"10\",\"hide_duration\":\"400\"}'),
(1234, 7, 550, 1, 'Counter', 'div', 'Catalyst FINposium 4', '', '', '', '', '', '{\"display\":\"closed\",\"horizontal\":\"8\",\"width\":\"auto\",\"preset_styles\":[\"as-white\",\"as-padding\"],\"position\":\"bottomLeft\",\"vertical\":\"8\",\"height\":\"auto\",\"custom_class\":\"panel-counter\",\"show_transition\":\"fade\",\"show_offset\":\"50\",\"show_delay\":\"10\",\"show_duration\":\"400\",\"hide_transition\":\"fade\",\"hide_offset\":\"50\",\"hide_delay\":\"10\",\"hide_duration\":\"400\"}');
INSERT INTO `in_accordionslider_layers` (`id`, `accordion_id`, `panel_id`, `position`, `name`, `type`, `text`, `heading_type`, `image_source`, `image_alt`, `image_link`, `image_retina`, `settings`) VALUES
(1233, 7, 550, 0, 'Heading', 'heading', 'Catalyst FINposium 4', 'h2', '', '', '', '', '{\"display\":\"opened\",\"horizontal\":\"5%\",\"width\":\"auto\",\"preset_styles\":[\"as-white\",\"as-padding\"],\"position\":\"topLeft\",\"vertical\":\"5%\",\"height\":\"auto\",\"custom_class\":\"ptc-title\",\"show_transition\":\"fade\",\"show_offset\":\"50\",\"show_delay\":\"300\",\"show_duration\":\"400\",\"hide_transition\":\"fade\",\"hide_offset\":\"50\",\"hide_delay\":\"10\",\"hide_duration\":\"400\"}'),
(1232, 7, 549, 2, 'Content', 'paragraph', '<strong>Event:</strong> Working Group Meeting <br />\n<strong>Date:</strong> June, 2016<br />\n<strong>Location:</strong> New Delhi<br />\n<strong>Attendance:</strong> 61 participants representing 45 organizations', '', '', '', '', '', '{\"display\":\"opened\",\"horizontal\":\"5%\",\"width\":\"90%\",\"preset_styles\":[\"as-white\",\"as-padding\"],\"position\":\"topLeft\",\"vertical\":\"14%\",\"height\":\"auto\",\"custom_class\":\"ptc-content\",\"show_transition\":\"down\",\"show_offset\":\"50\",\"show_delay\":\"400\",\"show_duration\":\"400\",\"hide_transition\":\"up\",\"hide_offset\":\"50\",\"hide_delay\":\"10\",\"hide_duration\":\"400\"}'),
(1231, 7, 549, 1, 'Counter', 'div', 'Catalyst FINposium 3', '', '', '', '', '', '{\"display\":\"closed\",\"horizontal\":\"8\",\"width\":\"auto\",\"preset_styles\":[\"as-white\",\"as-padding\"],\"position\":\"bottomLeft\",\"vertical\":\"8\",\"height\":\"auto\",\"custom_class\":\"panel-counter\",\"show_transition\":\"fade\",\"show_offset\":\"50\",\"show_delay\":\"10\",\"show_duration\":\"400\",\"hide_transition\":\"fade\",\"hide_offset\":\"50\",\"hide_delay\":\"10\",\"hide_duration\":\"400\"}'),
(1230, 7, 549, 0, 'Heading', 'heading', 'Catalyst FINposium 3', 'h2', '', '', '', '', '{\"display\":\"opened\",\"horizontal\":\"5%\",\"width\":\"auto\",\"preset_styles\":[\"as-white\",\"as-padding\"],\"position\":\"topLeft\",\"vertical\":\"5%\",\"height\":\"auto\",\"custom_class\":\"ptc-title\",\"show_transition\":\"fade\",\"show_offset\":\"50\",\"show_delay\":\"300\",\"show_duration\":\"400\",\"hide_transition\":\"fade\",\"hide_offset\":\"50\",\"hide_delay\":\"10\",\"hide_duration\":\"400\"}'),
(1229, 7, 548, 2, 'Content', 'paragraph', '<strong>Event</strong> Working Group Meeting<br />\n<strong>Date:</strong> January, 2016<br />\n<strong>Location:</strong> New Delhi<br />\n<strong>Attendance:</strong> 55 participants representing 38 organizations', '', '', '', '', '', '{\"display\":\"opened\",\"horizontal\":\"5%\",\"width\":\"90%\",\"preset_styles\":[\"as-white\",\"as-padding\"],\"position\":\"topLeft\",\"vertical\":\"14%\",\"height\":\"auto\",\"custom_class\":\"ptc-content\",\"show_transition\":\"down\",\"show_offset\":\"50\",\"show_delay\":\"400\",\"show_duration\":\"400\",\"hide_transition\":\"up\",\"hide_offset\":\"50\",\"hide_delay\":\"10\",\"hide_duration\":\"400\"}'),
(1228, 7, 548, 1, 'Counter', 'div', 'Catalyst FINposium 2', '', '', '', '', '', '{\"display\":\"closed\",\"horizontal\":\"8\",\"width\":\"auto\",\"preset_styles\":[\"as-white\",\"as-padding\"],\"position\":\"bottomLeft\",\"vertical\":\"8\",\"height\":\"auto\",\"custom_class\":\"panel-counter\",\"show_transition\":\"fade\",\"show_offset\":\"50\",\"show_delay\":\"10\",\"show_duration\":\"400\",\"hide_transition\":\"fade\",\"hide_offset\":\"50\",\"hide_delay\":\"10\",\"hide_duration\":\"400\"}'),
(1227, 7, 548, 0, 'Heading', 'heading', 'Catalyst FINposium 2', 'h2', '', '', '', '', '{\"display\":\"opened\",\"horizontal\":\"5%\",\"width\":\"auto\",\"preset_styles\":[\"as-white\",\"as-padding\"],\"position\":\"topLeft\",\"vertical\":\"5%\",\"height\":\"auto\",\"custom_class\":\"ptc-title\",\"show_transition\":\"fade\",\"show_offset\":\"50\",\"show_delay\":\"300\",\"show_duration\":\"400\",\"hide_transition\":\"fade\",\"hide_offset\":\"50\",\"hide_delay\":\"10\",\"hide_duration\":\"400\"}'),
(1125, 8, 502, 0, 'Counter', 'div', 'THE CONTEXT: NAVIGATING UNCHARTERED WATERS', '', '', '', '', '', '{\"display\":\"always\",\"horizontal\":\"10\",\"width\":\"auto\",\"preset_styles\":[\"as-white\",\"as-padding\"],\"position\":\"bottomLeft\",\"vertical\":\"10\",\"height\":\"auto\",\"custom_class\":\"panel-counter\",\"show_transition\":\"fade\",\"show_offset\":\"50\",\"show_delay\":\"10\",\"show_duration\":\"400\",\"hide_transition\":\"fade\",\"hide_offset\":\"50\",\"hide_delay\":\"10\",\"hide_duration\":\"400\"}'),
(1126, 8, 503, 0, 'Counter', 'div', 'KEY INSIGHTS FOR MERCHANTS AND CONSUMERS', '', '', '', '', '', '{\"display\":\"always\",\"horizontal\":\"10\",\"width\":\"auto\",\"preset_styles\":[\"as-white\",\"as-padding\"],\"position\":\"bottomLeft\",\"vertical\":\"10\",\"height\":\"auto\",\"custom_class\":\"panel-counter\",\"show_transition\":\"fade\",\"show_offset\":\"50\",\"show_delay\":\"10\",\"show_duration\":\"400\",\"hide_transition\":\"fade\",\"hide_offset\":\"50\",\"hide_delay\":\"10\",\"hide_duration\":\"400\"}'),
(1127, 8, 504, 0, 'Counter', 'div', 'CATALYST IS UNIQUELY POSITIONED TO PUSH THE NEEDLE', '', '', '', '', '', '{\"display\":\"always\",\"horizontal\":\"10\",\"width\":\"auto\",\"preset_styles\":[\"as-white\",\"as-padding\"],\"position\":\"bottomLeft\",\"vertical\":\"10\",\"height\":\"auto\",\"custom_class\":\"panel-counter\",\"show_transition\":\"fade\",\"show_offset\":\"50\",\"show_delay\":\"10\",\"show_duration\":\"400\",\"hide_transition\":\"fade\",\"hide_offset\":\"50\",\"hide_delay\":\"10\",\"hide_duration\":\"400\"}'),
(1128, 8, 505, 0, 'Counter', 'div', 'OUR ROLE - BOTH THAT OF A SPEEDBOAT AND TUGBOAT', '', '', '', '', '', '{\"display\":\"always\",\"horizontal\":\"10\",\"width\":\"auto\",\"preset_styles\":[\"as-white\",\"as-padding\"],\"position\":\"bottomLeft\",\"vertical\":\"10\",\"height\":\"auto\",\"custom_class\":\"panel-counter\",\"show_transition\":\"fade\",\"show_offset\":\"50\",\"show_delay\":\"10\",\"show_duration\":\"400\",\"hide_transition\":\"fade\",\"hide_offset\":\"50\",\"hide_delay\":\"10\",\"hide_duration\":\"400\"}'),
(1129, 8, 506, 0, 'Counter', 'div', 'OUR ECOSYSTEM APPROACH TO DRIVE DIGITAL PENETRATION', '', '', '', '', '', '{\"display\":\"always\",\"horizontal\":\"10\",\"width\":\"auto\",\"preset_styles\":[\"as-white\",\"as-padding\"],\"position\":\"bottomLeft\",\"vertical\":\"10\",\"height\":\"auto\",\"custom_class\":\"panel-counter\",\"show_transition\":\"fade\",\"show_offset\":\"50\",\"show_delay\":\"10\",\"show_duration\":\"400\",\"hide_transition\":\"fade\",\"hide_offset\":\"50\",\"hide_delay\":\"10\",\"hide_duration\":\"400\"}'),
(1130, 8, 507, 0, 'Counter', 'div', 'NEGOTIATING THE CHALLENGES OF THE LAST MILE', '', '', '', '', '', '{\"display\":\"always\",\"horizontal\":\"10\",\"width\":\"auto\",\"preset_styles\":[\"as-white\",\"as-padding\"],\"position\":\"bottomLeft\",\"vertical\":\"10\",\"height\":\"auto\",\"custom_class\":\"panel-counter\",\"show_transition\":\"fade\",\"show_offset\":\"50\",\"show_delay\":\"10\",\"show_duration\":\"400\",\"hide_transition\":\"fade\",\"hide_offset\":\"50\",\"hide_delay\":\"10\",\"hide_duration\":\"400\"}'),
(1142, 9, 519, 0, 'Counter', 'div', 'NEGOTIATING THE CHALLENGES OF THE LAST MILE', '', '', '', '', '', '{\"display\":\"always\",\"horizontal\":\"10\",\"width\":\"auto\",\"preset_styles\":[\"as-white\",\"as-padding\"],\"position\":\"bottomLeft\",\"vertical\":\"10\",\"height\":\"auto\",\"custom_class\":\"panel-counter\",\"show_transition\":\"fade\",\"show_offset\":\"50\",\"show_delay\":\"10\",\"show_duration\":\"400\",\"hide_transition\":\"fade\",\"hide_offset\":\"50\",\"hide_delay\":\"10\",\"hide_duration\":\"400\"}'),
(1141, 9, 518, 0, 'Counter', 'div', 'OUR ECOSYSTEM APPROACH TO DRIVE DIGITAL PENETRATION', '', '', '', '', '', '{\"display\":\"always\",\"horizontal\":\"10\",\"width\":\"auto\",\"preset_styles\":[\"as-white\",\"as-padding\"],\"position\":\"bottomLeft\",\"vertical\":\"10\",\"height\":\"auto\",\"custom_class\":\"panel-counter\",\"show_transition\":\"fade\",\"show_offset\":\"50\",\"show_delay\":\"10\",\"show_duration\":\"400\",\"hide_transition\":\"fade\",\"hide_offset\":\"50\",\"hide_delay\":\"10\",\"hide_duration\":\"400\"}'),
(1140, 9, 517, 0, 'Counter', 'div', 'OUR ROLE - BOTH THAT OF A SPEEDBOAT AND TUGBOAT', '', '', '', '', '', '{\"display\":\"always\",\"horizontal\":\"10\",\"width\":\"auto\",\"preset_styles\":[\"as-white\",\"as-padding\"],\"position\":\"bottomLeft\",\"vertical\":\"10\",\"height\":\"auto\",\"custom_class\":\"panel-counter\",\"show_transition\":\"fade\",\"show_offset\":\"50\",\"show_delay\":\"10\",\"show_duration\":\"400\",\"hide_transition\":\"fade\",\"hide_offset\":\"50\",\"hide_delay\":\"10\",\"hide_duration\":\"400\"}'),
(1139, 9, 516, 0, 'Counter', 'div', 'CATALYST IS UNIQUELY POSITIONED TO PUSH THE NEEDLE', '', '', '', '', '', '{\"display\":\"always\",\"horizontal\":\"10\",\"width\":\"auto\",\"preset_styles\":[\"as-white\",\"as-padding\"],\"position\":\"bottomLeft\",\"vertical\":\"10\",\"height\":\"auto\",\"custom_class\":\"panel-counter\",\"show_transition\":\"fade\",\"show_offset\":\"50\",\"show_delay\":\"10\",\"show_duration\":\"400\",\"hide_transition\":\"fade\",\"hide_offset\":\"50\",\"hide_delay\":\"10\",\"hide_duration\":\"400\"}'),
(1138, 9, 515, 0, 'Counter', 'div', 'INSIGHTS', '', '', '', '', '', '{\"display\":\"always\",\"horizontal\":\"10\",\"width\":\"auto\",\"preset_styles\":[\"as-white\",\"as-padding\"],\"position\":\"bottomLeft\",\"vertical\":\"10\",\"height\":\"auto\",\"custom_class\":\"panel-counter\",\"show_transition\":\"fade\",\"show_offset\":\"50\",\"show_delay\":\"10\",\"show_duration\":\"400\",\"hide_transition\":\"fade\",\"hide_offset\":\"50\",\"hide_delay\":\"10\",\"hide_duration\":\"400\"}'),
(1137, 9, 514, 0, 'Counter', 'div', 'THE CONTEXT', '', '', '', '', '', '{\"display\":\"always\",\"horizontal\":\"10\",\"width\":\"auto\",\"preset_styles\":[\"as-white\",\"as-padding\"],\"position\":\"bottomLeft\",\"vertical\":\"10\",\"height\":\"auto\",\"custom_class\":\"panel-counter\",\"show_transition\":\"fade\",\"show_offset\":\"50\",\"show_delay\":\"10\",\"show_duration\":\"400\",\"hide_transition\":\"fade\",\"hide_offset\":\"50\",\"hide_delay\":\"10\",\"hide_duration\":\"400\"}'),
(1225, 7, 547, 1, 'Counter', 'div', 'Catalyst FINposium 1', '', '', '', '', '', '{\"display\":\"closed\",\"horizontal\":\"8\",\"width\":\"auto\",\"preset_styles\":[\"as-white\",\"as-padding\"],\"position\":\"bottomLeft\",\"vertical\":\"8\",\"height\":\"auto\",\"custom_class\":\"panel-counter\",\"show_transition\":\"fade\",\"show_offset\":\"50\",\"show_delay\":\"10\",\"show_duration\":\"400\",\"hide_transition\":\"fade\",\"hide_offset\":\"50\",\"hide_delay\":\"10\",\"hide_duration\":\"400\"}'),
(1226, 7, 547, 2, 'Content', 'paragraph', '<strong>Event:</strong> Working Group Meeting<br />\n<strong>Date:</strong> May 26<sup>th</sup>, 2015<br />\n<strong>Location:</strong> Mumbai<br />\n<strong>Attendance:</strong> 38 participants representing 28 organizations', '', '', '', '', '', '{\"display\":\"opened\",\"horizontal\":\"5%\",\"width\":\"90%\",\"preset_styles\":[\"as-white\",\"as-padding\"],\"position\":\"topLeft\",\"vertical\":\"14%\",\"height\":\"auto\",\"custom_class\":\"ptc-content\",\"show_transition\":\"down\",\"show_offset\":\"50\",\"show_delay\":\"400\",\"show_duration\":\"400\",\"hide_transition\":\"up\",\"hide_offset\":\"50\",\"hide_delay\":\"10\",\"hide_duration\":\"400\"}'),
(1224, 7, 547, 0, 'Heading', 'heading', 'Catalyst FINposium 1', 'h2', '', '', '', '', '{\"display\":\"opened\",\"horizontal\":\"5%\",\"width\":\"auto\",\"preset_styles\":[\"as-white\",\"as-padding\"],\"position\":\"topLeft\",\"vertical\":\"5%\",\"height\":\"auto\",\"custom_class\":\"ptc-title\",\"show_transition\":\"fade\",\"show_offset\":\"50\",\"show_delay\":\"300\",\"show_duration\":\"400\",\"hide_transition\":\"fade\",\"hide_offset\":\"50\",\"hide_delay\":\"10\",\"hide_duration\":\"400\"}'),
(1250, 7, 555, 2, 'Content', 'paragraph', '<strong>Event:</strong> Developing Business Models for Mass Digital Payments in India<br />\n<strong>Date:</strong> August 8<sup>th</sup>, 2018<br />\n<strong>Location:</strong> Mumbai, India<br />\n', '', '', '', '', '', '{\"display\":\"opened\",\"horizontal\":\"5%\",\"width\":\"90%\",\"preset_styles\":[\"as-white\",\"as-padding\"],\"position\":\"topLeft\",\"vertical\":\"14%\",\"height\":\"auto\",\"custom_class\":\"ptc-content1\",\"show_transition\":\"down\",\"show_offset\":\"50\",\"show_delay\":\"400\",\"show_duration\":\"400\",\"hide_transition\":\"up\",\"hide_offset\":\"50\",\"hide_delay\":\"10\",\"hide_duration\":\"400\"}');

-- --------------------------------------------------------

--
-- Table structure for table `in_accordionslider_panels`
--

CREATE TABLE `in_accordionslider_panels` (
  `id` mediumint(9) NOT NULL,
  `accordion_id` mediumint(9) NOT NULL,
  `label` varchar(100) NOT NULL,
  `position` mediumint(9) NOT NULL,
  `visibility` varchar(20) NOT NULL,
  `background_source` text NOT NULL,
  `background_retina_source` text NOT NULL,
  `background_alt` text NOT NULL,
  `background_title` text NOT NULL,
  `background_width` mediumint(9) NOT NULL,
  `background_height` mediumint(9) NOT NULL,
  `opened_background_source` text NOT NULL,
  `opened_background_retina_source` text NOT NULL,
  `opened_background_alt` text NOT NULL,
  `opened_background_title` text NOT NULL,
  `opened_background_width` mediumint(9) NOT NULL,
  `opened_background_height` mediumint(9) NOT NULL,
  `background_link` text NOT NULL,
  `background_link_title` text NOT NULL,
  `html` text NOT NULL,
  `settings` text NOT NULL
) ENGINE=MyISAM DEFAULT CHARSET=utf8;

--
-- Dumping data for table `in_accordionslider_panels`
--

INSERT INTO `in_accordionslider_panels` (`id`, `accordion_id`, `label`, `position`, `visibility`, `background_source`, `background_retina_source`, `background_alt`, `background_title`, `background_width`, `background_height`, `opened_background_source`, `opened_background_retina_source`, `opened_background_alt`, `opened_background_title`, `opened_background_width`, `opened_background_height`, `background_link`, `background_link_title`, `html`, `settings`) VALUES
(105, 3, '', 7, '', 'http://dev.bqworks.com/wp-content/uploads/2014/03/image9.jpg', 'http://dev.bqworks.com/wp-content/uploads/2014/03/image9@2x.jpg', '', '', 667, 500, 'http://dev.bqworks.com/wp-content/uploads/2014/03/image7.jpg', 'http://dev.bqworks.com/wp-content/uploads/2014/03/image7@2x.jpg', '', '', 667, 500, 'http://dev.bqworks.com/wp-content/uploads/2014/03/image7@2x.jpg', '', '', '[]'),
(106, 3, '', 6, '', 'http://dev.bqworks.com/wp-content/uploads/2014/03/image8.jpg', 'http://dev.bqworks.com/wp-content/uploads/2014/03/image8@2x.jpg', '', '', 667, 500, 'http://dev.bqworks.com/wp-content/uploads/2014/03/image10.jpg', 'http://dev.bqworks.com/wp-content/uploads/2014/03/image10@2x.jpg', '', '', 667, 500, 'http://dev.bqworks.com/wp-content/uploads/2014/03/image10@2x.jpg', '', '', '[]'),
(107, 3, '', 5, '', 'http://dev.bqworks.com/wp-content/uploads/2014/03/image7.jpg', 'http://dev.bqworks.com/wp-content/uploads/2014/03/image7@2x.jpg', '', '', 667, 500, 'http://dev.bqworks.com/wp-content/uploads/2014/03/image9.jpg', 'http://dev.bqworks.com/wp-content/uploads/2014/03/image9@2x.jpg', '', '', 667, 500, 'http://dev.bqworks.com/wp-content/uploads/2014/03/image9@2x.jpg', '', '', '[]'),
(108, 3, '', 4, '', 'http://dev.bqworks.com/wp-content/uploads/2014/03/image6.jpg', 'http://dev.bqworks.com/wp-content/uploads/2014/03/image6@2x.jpg', '', '', 667, 500, 'http://dev.bqworks.com/wp-content/uploads/2014/03/image2.jpg', 'http://dev.bqworks.com/wp-content/uploads/2014/03/image2@2x.jpg', '', '', 667, 500, 'http://dev.bqworks.com/wp-content/uploads/2014/03/image2@2x.jpg', '', '', '[]'),
(109, 3, '', 3, '', 'http://dev.bqworks.com/wp-content/uploads/2014/03/image5.jpg', 'http://dev.bqworks.com/wp-content/uploads/2014/03/image5@2x.jpg', '', '', 667, 500, 'http://dev.bqworks.com/wp-content/uploads/2014/03/image3.jpg', 'http://dev.bqworks.com/wp-content/uploads/2014/03/image3@2x.jpg', '', '', 667, 500, 'http://dev.bqworks.com/wp-content/uploads/2014/03/image3@2x.jpg', '', '', '[]'),
(110, 3, '', 2, '', 'http://dev.bqworks.com/wp-content/uploads/2014/03/image4.jpg', 'http://dev.bqworks.com/wp-content/uploads/2014/03/image4@2x.jpg', '', '', 667, 500, 'http://dev.bqworks.com/wp-content/uploads/2014/03/image4.jpg', 'http://dev.bqworks.com/wp-content/uploads/2014/03/image4@2x.jpg', '', '', 667, 500, 'http://dev.bqworks.com/wp-content/uploads/2014/03/image4@2x.jpg', '', '', '[]'),
(111, 3, '', 0, '', 'http://dev.bqworks.com/wp-content/uploads/2014/03/image2.jpg', 'http://dev.bqworks.com/wp-content/uploads/2014/03/image2@2x.jpg', '', '', 667, 500, 'http://dev.bqworks.com/wp-content/uploads/2014/03/image6.jpg', 'http://dev.bqworks.com/wp-content/uploads/2014/03/image6@2x.jpg', '', '', 667, 500, 'http://dev.bqworks.com/wp-content/uploads/2014/03/image6@2x.jpg', '', '', '[]'),
(112, 3, '', 1, '', 'http://dev.bqworks.com/wp-content/uploads/2014/03/image3.jpg', 'http://dev.bqworks.com/wp-content/uploads/2014/03/image3@2x.jpg', '', '', 667, 500, 'http://dev.bqworks.com/wp-content/uploads/2014/03/image5.jpg', 'http://dev.bqworks.com/wp-content/uploads/2014/03/image5@2x.jpg', '', '', 667, 500, 'http://dev.bqworks.com/wp-content/uploads/2014/03/image5@2x.jpg', '', '', '[]'),
(113, 4, '', 15, '', 'http://dev.bqworks.com/wp-content/uploads/2014/03/image6.jpg', 'http://dev.bqworks.com/wp-content/uploads/2014/03/image6@2x.jpg', '', '', 889, 500, '', '', '', '', 0, 0, '', '', '', '{\"content_type\":\"custom\"}'),
(114, 4, '', 14, '', 'http://dev.bqworks.com/wp-content/uploads/2014/03/image5.jpg', 'http://dev.bqworks.com/wp-content/uploads/2014/03/image5@2x.jpg', '', '', 889, 500, '', '', '', '', 0, 0, '', '', '', '{\"content_type\":\"custom\"}'),
(115, 4, '', 13, '', 'http://dev.bqworks.com/wp-content/uploads/2014/03/image4.jpg', 'http://dev.bqworks.com/wp-content/uploads/2014/03/image4@2x.jpg', '', '', 889, 500, '', '', '', '', 0, 0, '', '', '', '{\"content_type\":\"custom\"}'),
(116, 4, '', 12, '', 'http://dev.bqworks.com/wp-content/uploads/2014/03/image3.jpg', 'http://dev.bqworks.com/wp-content/uploads/2014/03/image3@2x.jpg', '', '', 889, 500, '', '', '', '', 0, 0, '', '', '', '{\"content_type\":\"custom\"}'),
(117, 4, '', 11, '', 'http://dev.bqworks.com/wp-content/uploads/2014/03/image2.jpg', 'http://dev.bqworks.com/wp-content/uploads/2014/03/image2@2x.jpg', '', '', 889, 500, '', '', '', '', 0, 0, '', '', '', '{\"content_type\":\"custom\"}'),
(118, 4, '', 10, '', 'http://dev.bqworks.com/wp-content/uploads/2014/03/image1.jpg', 'http://dev.bqworks.com/wp-content/uploads/2014/03/image1@2x.jpg', '', '', 889, 500, '', '', '', '', 0, 0, '', '', '', '{\"content_type\":\"custom\"}'),
(119, 4, '', 9, '', 'http://dev.bqworks.com/wp-content/uploads/2014/03/image10.jpg', 'http://dev.bqworks.com/wp-content/uploads/2014/03/image10@2x.jpg', '', '', 889, 500, '', '', '', '', 0, 0, '', '', '', '{\"content_type\":\"custom\"}'),
(120, 4, '', 8, '', 'http://dev.bqworks.com/wp-content/uploads/2014/03/image9.jpg', 'http://dev.bqworks.com/wp-content/uploads/2014/03/image9@2x.jpg', '', '', 889, 500, '', '', '', '', 0, 0, '', '', '', '{\"content_type\":\"custom\"}'),
(121, 4, '', 7, '', 'http://dev.bqworks.com/wp-content/uploads/2014/03/image8.jpg', 'http://dev.bqworks.com/wp-content/uploads/2014/03/image8@2x.jpg', '', '', 889, 500, '', '', '', '', 0, 0, '', '', '', '{\"content_type\":\"custom\"}'),
(122, 4, '', 6, '', 'http://dev.bqworks.com/wp-content/uploads/2014/03/image7.jpg', 'http://dev.bqworks.com/wp-content/uploads/2014/03/image7@2x.jpg', '', '', 889, 500, '', '', '', '', 0, 0, '', '', '', '{\"content_type\":\"custom\"}'),
(123, 4, '', 5, '', 'http://dev.bqworks.com/wp-content/uploads/2014/03/image6.jpg', 'http://dev.bqworks.com/wp-content/uploads/2014/03/image6@2x.jpg', '', '', 889, 500, '', '', '', '', 0, 0, '', '', '', '{\"content_type\":\"custom\"}'),
(124, 4, '', 4, '', 'http://dev.bqworks.com/wp-content/uploads/2014/03/image5.jpg', 'http://dev.bqworks.com/wp-content/uploads/2014/03/image5@2x.jpg', '', '', 889, 500, '', '', '', '', 0, 0, '', '', '', '{\"content_type\":\"custom\"}'),
(125, 4, '', 3, '', 'http://dev.bqworks.com/wp-content/uploads/2014/03/image4.jpg', 'http://dev.bqworks.com/wp-content/uploads/2014/03/image4@2x.jpg', '', '', 889, 500, '', '', '', '', 0, 0, '', '', '', '{\"content_type\":\"custom\"}'),
(126, 4, '', 2, '', 'http://dev.bqworks.com/wp-content/uploads/2014/03/image3.jpg', 'http://dev.bqworks.com/wp-content/uploads/2014/03/image3@2x.jpg', '', '', 889, 500, '', '', '', '', 0, 0, '', '', '', '{\"content_type\":\"custom\"}'),
(127, 4, '', 1, '', 'http://dev.bqworks.com/wp-content/uploads/2014/03/image2.jpg', 'http://dev.bqworks.com/wp-content/uploads/2014/03/image2@2x.jpg', '', '', 889, 500, '', '', '', '', 0, 0, '', '', '', '{\"content_type\":\"custom\"}'),
(128, 4, '', 0, '', 'http://dev.bqworks.com/wp-content/uploads/2014/03/image1.jpg', 'http://dev.bqworks.com/wp-content/uploads/2014/03/image1@2x.jpg', '', '', 889, 500, '', '', '', '', 0, 0, '', '', '', '{\"content_type\":\"custom\"}'),
(129, 5, '', 0, '', '', '', '', '', 0, 0, '', '', '', '', 0, 0, '', '', '', '[]'),
(130, 5, '', 1, '', '', '', '', '', 0, 0, '', '', '', '', 0, 0, '', '', '', '[]'),
(131, 5, '', 2, '', '', '', '', '', 0, 0, '', '', '', '', 0, 0, '', '', '', '[]'),
(132, 5, '', 3, '', '', '', '', '', 0, 0, '', '', '', '', 0, 0, '', '', '', '[]'),
(417, 1, '', 6, '', 'http://cashlesscatalyst.org/wp-content/uploads/2018/02/finposium-8-banner.jpg', '', '', 'finposium-8-banner', 1067, 713, '', '', '', '', 0, 0, '', '', '', '[]'),
(416, 1, '', 5, '', 'http://cashlesscatalyst.org/wp-content/uploads/2016/12/partners-img6.jpg', '', '', 'partners-img6', 1067, 713, '', '', '', '', 0, 0, '', '', '', '[]'),
(415, 1, '', 4, '', 'http://cashlesscatalyst.org/wp-content/uploads/2016/12/partners-img5.jpg', '', '', 'partners-img5', 1067, 713, '', '', '', '', 0, 0, '', '', '', '[]'),
(414, 1, '', 3, '', 'http://cashlesscatalyst.org/wp-content/uploads/2016/12/partners-img4.jpg', '', '', 'partners-img4', 1067, 713, '', '', '', '', 0, 0, '', '', '', '[]'),
(413, 1, '', 2, '', 'http://cashlesscatalyst.org/wp-content/uploads/2016/12/partners-img3.jpg', '', '', 'partners-img3', 1067, 713, '', '', '', '', 0, 0, '', '', '', '[]'),
(466, 2, '', 7, '', 'http://cashlesscatalyst.org/wp-content/uploads/2018/02/finposium-8-banner.jpg', '', '', 'finposium-8-banner', 1067, 713, '', '', '', '', 0, 0, 'http://cashlesscatalyst.org/partner-convening-8/', '', '', '{\"content_type\":\"custom\"}'),
(465, 2, '', 6, '', 'http://cashlesscatalyst.org/wp-content/uploads/2017/06/dl-6.jpg', '', '', 'dl-6', 1067, 713, '', '', '', '', 0, 0, 'http://cashlesscatalyst.org/partner-convening-7', '', '', '{\"content_type\":\"custom\"}'),
(460, 2, '', 1, '', 'http://cashlesscatalyst.org/wp-content/uploads/2016/12/partners-img2.jpg', '', '', 'partners-img2', 1067, 713, '', '', '', '', 0, 0, 'http://cashlesscatalyst.org/partner-convening-2/', '', '', '{\"content_type\":\"custom\"}'),
(461, 2, '', 2, '', 'http://cashlesscatalyst.org/wp-content/uploads/2016/12/partners-img3.jpg', '', '', 'partners-img3', 1067, 713, '', '', '', '', 0, 0, 'http://cashlesscatalyst.org/partner-convening-3/', '', '', '{\"content_type\":\"custom\"}'),
(462, 2, '', 3, '', 'http://cashlesscatalyst.org/wp-content/uploads/2017/06/05.jpg', '', '', '05', 1600, 640, '', '', '', '', 0, 0, 'http://cashlesscatalyst.org/partner-convening-4', '', '', '{\"content_type\":\"custom\"}'),
(412, 1, '', 1, '', 'http://cashlesscatalyst.org/wp-content/uploads/2016/12/partners-img2.jpg', '', '', 'partners-img2', 1067, 713, '', '', '', '', 0, 0, '', '', '', '[]'),
(411, 1, '', 0, '', 'http://cashlesscatalyst.org/wp-content/uploads/2016/12/partners-img1.jpg', '', '', 'partners-img1', 1067, 713, '', '', '', '', 0, 0, '', '', 'test', '{\"content_type\":\"custom\"}'),
(464, 2, '', 5, '', 'http://cashlesscatalyst.org/wp-content/uploads/2017/03/d3.jpg', '', '', 'd3', 1067, 713, '', '', '', '', 0, 0, 'http://cashlesscatalyst.org/partner-convening-6', '', '', '{\"content_type\":\"custom\"}'),
(463, 2, '', 4, '', 'http://cashlesscatalyst.org/wp-content/uploads/2017/03/d1.jpg', '', '', 'd1', 1067, 713, '', '', '', '', 0, 0, 'http://cashlesscatalyst.org/partner-convening-5', '', '', '{\"content_type\":\"custom\"}'),
(442, 6, '', 0, '', 'http://dev.bqworks.com/wp-content/uploads/2014/03/image2.jpg', 'http://dev.bqworks.com/wp-content/uploads/2014/03/image2@2x.jpg', '', '', 667, 500, 'http://dev.bqworks.com/wp-content/uploads/2014/03/image6.jpg', 'http://dev.bqworks.com/wp-content/uploads/2014/03/image6@2x.jpg', '', '', 667, 500, 'http://dev.bqworks.com/wp-content/uploads/2014/03/image6@2x.jpg', '', '', '[]'),
(443, 6, '', 1, '', 'http://dev.bqworks.com/wp-content/uploads/2014/03/image3.jpg', 'http://dev.bqworks.com/wp-content/uploads/2014/03/image3@2x.jpg', '', '', 667, 500, 'http://dev.bqworks.com/wp-content/uploads/2014/03/image5.jpg', 'http://dev.bqworks.com/wp-content/uploads/2014/03/image5@2x.jpg', '', '', 667, 500, 'http://dev.bqworks.com/wp-content/uploads/2014/03/image5@2x.jpg', '', '', '[]'),
(444, 6, '', 2, '', 'http://dev.bqworks.com/wp-content/uploads/2014/03/image4.jpg', 'http://dev.bqworks.com/wp-content/uploads/2014/03/image4@2x.jpg', '', '', 667, 500, 'http://dev.bqworks.com/wp-content/uploads/2014/03/image4.jpg', 'http://dev.bqworks.com/wp-content/uploads/2014/03/image4@2x.jpg', '', '', 667, 500, 'http://dev.bqworks.com/wp-content/uploads/2014/03/image4@2x.jpg', '', '', '[]'),
(445, 6, '', 3, '', 'http://dev.bqworks.com/wp-content/uploads/2014/03/image5.jpg', 'http://dev.bqworks.com/wp-content/uploads/2014/03/image5@2x.jpg', '', '', 667, 500, 'http://dev.bqworks.com/wp-content/uploads/2014/03/image3.jpg', 'http://dev.bqworks.com/wp-content/uploads/2014/03/image3@2x.jpg', '', '', 667, 500, 'http://dev.bqworks.com/wp-content/uploads/2014/03/image3@2x.jpg', '', '', '[]'),
(446, 6, '', 4, '', 'http://dev.bqworks.com/wp-content/uploads/2014/03/image6.jpg', 'http://dev.bqworks.com/wp-content/uploads/2014/03/image6@2x.jpg', '', '', 667, 500, 'http://dev.bqworks.com/wp-content/uploads/2014/03/image2.jpg', 'http://dev.bqworks.com/wp-content/uploads/2014/03/image2@2x.jpg', '', '', 667, 500, 'http://dev.bqworks.com/wp-content/uploads/2014/03/image2@2x.jpg', '', '', '[]'),
(447, 6, '', 5, '', 'http://dev.bqworks.com/wp-content/uploads/2014/03/image7.jpg', 'http://dev.bqworks.com/wp-content/uploads/2014/03/image7@2x.jpg', '', '', 667, 500, 'http://dev.bqworks.com/wp-content/uploads/2014/03/image9.jpg', 'http://dev.bqworks.com/wp-content/uploads/2014/03/image9@2x.jpg', '', '', 667, 500, 'http://dev.bqworks.com/wp-content/uploads/2014/03/image9@2x.jpg', '', '', '[]'),
(448, 6, '', 6, '', 'http://dev.bqworks.com/wp-content/uploads/2014/03/image8.jpg', 'http://dev.bqworks.com/wp-content/uploads/2014/03/image8@2x.jpg', '', '', 667, 500, 'http://dev.bqworks.com/wp-content/uploads/2014/03/image10.jpg', 'http://dev.bqworks.com/wp-content/uploads/2014/03/image10@2x.jpg', '', '', 667, 500, 'http://dev.bqworks.com/wp-content/uploads/2014/03/image10@2x.jpg', '', '', '[]'),
(449, 6, '', 7, '', 'http://dev.bqworks.com/wp-content/uploads/2014/03/image9.jpg', 'http://dev.bqworks.com/wp-content/uploads/2014/03/image9@2x.jpg', '', '', 667, 500, 'http://dev.bqworks.com/wp-content/uploads/2014/03/image7.jpg', 'http://dev.bqworks.com/wp-content/uploads/2014/03/image7@2x.jpg', '', '', 667, 500, 'http://dev.bqworks.com/wp-content/uploads/2014/03/image7@2x.jpg', '', '', '[]'),
(459, 2, '', 0, '', 'http://cashlesscatalyst.org/wp-content/uploads/2016/12/partners-img1.jpg', '', '', 'partners-img1', 1067, 713, '', '', '', '', 0, 0, 'http://cashlesscatalyst.org/partner-convening-1/', '', '', '{\"content_type\":\"custom\"}'),
(555, 7, '', 8, '', 'http://cashlesscatalyst.org/wp-content/uploads/2018/08/finposium-10-banner.jpg', '', '', 'finposium-10-banner', 300, 200, '', '', '', '', 0, 0, 'http://cashlesscatalyst.org/partner-convening-10/', '', '', '{\"content_type\":\"custom\"}'),
(554, 7, '', 7, '', 'http://cashlesscatalyst.org/wp-content/uploads/2018/02/finposium-8-banner.jpg', '', '', 'finposium-8-banner', 1067, 713, '', '', '', '', 0, 0, 'http://cashlesscatalyst.org/partner-convening-8/', '', '', '{\"content_type\":\"custom\"}'),
(553, 7, '', 6, '', 'http://cashlesscatalyst.org/wp-content/uploads/2017/06/dl-6.jpg', '', '', 'dl-6', 1067, 713, '', '', '', '', 0, 0, 'http://cashlesscatalyst.org/partner-convening-7', '', '', '{\"content_type\":\"custom\"}'),
(552, 7, '', 5, '', 'http://cashlesscatalyst.org/wp-content/uploads/2017/03/d3.jpg', '', '', 'd3', 1067, 713, '', '', '', '', 0, 0, 'http://cashlesscatalyst.org/partner-convening-6', '', '', '{\"content_type\":\"custom\"}'),
(551, 7, '', 4, '', 'http://cashlesscatalyst.org/wp-content/uploads/2017/03/d1.jpg', '', '', 'd1', 1067, 713, '', '', '', '', 0, 0, 'http://cashlesscatalyst.org/partner-convening-5', '', '', '{\"content_type\":\"custom\"}'),
(550, 7, '', 3, '', 'http://cashlesscatalyst.org/wp-content/uploads/2017/06/05.jpg', '', '', '05', 1600, 640, '', '', '', '', 0, 0, 'http://cashlesscatalyst.org/partner-convening-4', '', '', '{\"content_type\":\"custom\"}'),
(549, 7, '', 2, '', 'http://cashlesscatalyst.org/wp-content/uploads/2016/12/partners-img3.jpg', '', '', 'partners-img3', 1067, 713, '', '', '', '', 0, 0, 'http://cashlesscatalyst.org/partner-convening-3/', '', '', '{\"content_type\":\"custom\"}'),
(548, 7, '', 1, '', 'http://cashlesscatalyst.org/wp-content/uploads/2016/12/partners-img2.jpg', '', '', 'partners-img2', 1067, 713, '', '', '', '', 0, 0, 'http://cashlesscatalyst.org/partner-convening-2/', '', '', '{\"content_type\":\"custom\"}'),
(547, 7, '', 0, '', 'http://cashlesscatalyst.org/wp-content/uploads/2016/12/partners-img1.jpg', '', '', 'partners-img1', 1067, 713, '', '', '', '', 0, 0, 'http://cashlesscatalyst.org/partner-convening-1/', '', '', '{\"content_type\":\"custom\"}'),
(519, 9, '', 5, '', 'http://cashlesscatalyst.org/wp-content/uploads/2017/06/dl-6.jpg', '', '', 'dl-6', 1067, 713, '', '', '', '', 0, 0, 'http://cashlesscatalyst.org/negotiating-challenges-last-mile/', '', '', '{\"content_type\":\"custom\"}'),
(518, 9, '', 4, '', 'http://cashlesscatalyst.org/wp-content/uploads/2018/08/new-1-300x200.jpg', '', '', 'new-1', 300, 200, '', '', '', '', 0, 0, 'http://cashlesscatalyst.org/ecosystem-approach-drive-digital-penetration/', '', '', '{\"content_type\":\"custom\"}'),
(517, 9, '', 3, '', 'http://cashlesscatalyst.org/wp-content/uploads/2018/08/new-3-300x200.jpg', '', '', 'new-3', 300, 200, '', '', '', '', 0, 0, 'http://cashlesscatalyst.org/role-speedboat-tugboat/', '', '', '{\"content_type\":\"custom\"}'),
(516, 9, '', 2, '', 'http://cashlesscatalyst.org/wp-content/uploads/2018/08/new-6-300x200.jpg', '', '', 'new-6', 300, 200, '', '', '', '', 0, 0, 'http://cashlesscatalyst.org/catalyst-uniquely-positioned-push-needle/', '', '', '{\"content_type\":\"custom\"}'),
(515, 9, '', 1, '', 'http://cashlesscatalyst.org/wp-content/uploads/2018/08/new-4-300x200.jpg', '', '', 'new-4', 300, 200, '', '', '', '', 0, 0, 'http://cashlesscatalyst.org/key-insights-consumers-merchants/', '', '', '{\"content_type\":\"custom\"}'),
(514, 9, '', 0, '', 'http://cashlesscatalyst.org/wp-content/uploads/2018/08/new-2-300x200.jpg', '', '', 'new-2', 300, 200, '', '', '', '', 0, 0, 'http://cashlesscatalyst.org/context-navigating-unchartered-waters/', '', '', '{\"content_type\":\"custom\"}');

-- --------------------------------------------------------

--
-- Table structure for table `in_cf7dbplugin_st`
--

CREATE TABLE `in_cf7dbplugin_st` (
  `submit_time` decimal(16,4) NOT NULL
) ENGINE=MyISAM DEFAULT CHARSET=latin1;

--
-- Dumping data for table `in_cf7dbplugin_st`
--

INSERT INTO `in_cf7dbplugin_st` (`submit_time`) VALUES
('1502158161.4190'),
('1502173862.0026'),
('1502193798.5768'),
('1502194030.6931'),
('1502258735.6154'),
('1502263782.0021'),
('1502273699.1866'),
('1502275315.7980'),
('1502277401.5523'),
('1502339834.2737'),
('1502431621.0463'),
('1502432346.2840'),
('1502433000.0583'),
('1502434853.1204'),
('1502436469.0977'),
('1502443856.6612'),
('1502518346.0121'),
('1502970553.3306'),
('1503427190.6698'),
('1503511795.3612'),
('1503672366.4695'),
('1503918455.2794'),
('1504096412.1438'),
('1504103757.5103'),
('1504155705.7573'),
('1504162205.0952'),
('1504163140.0242'),
('1504171505.5731'),
('1504179921.5091'),
('1504253414.5713'),
('1504506472.3754'),
('1504506654.7415'),
('1504528505.1210'),
('1504531440.0323'),
('1504595983.6606'),
('1504601639.8000'),
('1504605600.7679'),
('1504619681.5009'),
('1504687083.8470'),
('1504789247.2386'),
('1504939360.5076'),
('1504940958.6414'),
('1504942272.3147'),
('1504942392.5724'),
('1505129195.2544'),
('1505129219.1890'),
('1505129264.6610'),
('1505129864.6010'),
('1505133079.3960'),
('1505134551.0811'),
('1505134564.6440'),
('1505134666.7802'),
('1505134956.6076'),
('1505140890.3614'),
('1505218356.5454'),
('1505362951.3554'),
('1505372366.2513'),
('1505380118.4017'),
('1505388010.5168'),
('1505401281.8703'),
('1505402990.7640'),
('1505411784.6332'),
('1505449708.2817'),
('1505455247.6525'),
('1505464768.0755'),
('1505466321.4643'),
('1505483103.1983'),
('1505486270.6909'),
('1505486281.3777'),
('1505500013.9254'),
('1505631965.2188'),
('1505737698.6502'),
('1505801526.5314'),
('1505880049.2758'),
('1505907132.8533'),
('1505991926.9761'),
('1506088508.2284'),
('1506152793.0523'),
('1506177629.1756'),
('1506178969.6902'),
('1506232961.1736'),
('1506233116.8741'),
('1506240656.6956'),
('1506241194.3563'),
('1506251047.2084'),
('1506256607.5746'),
('1506256800.1957'),
('1506257406.0641'),
('1506263744.9402'),
('1506265069.4135'),
('1506275796.9129'),
('1506276265.5473'),
('1506276677.8103'),
('1506277114.9652'),
('1506277435.1063'),
('1506277594.8092'),
('1506278061.1191'),
('1506278258.9971'),
('1506613133.4773'),
('1506613496.1217'),
('1507053004.0828'),
('1507140170.8107'),
('1507864609.3638'),
('1508758327.2096'),
('1509722371.4831'),
('1510221902.7981'),
('1510921753.1008'),
('1510924599.0988'),
('1511252811.9088'),
('1512395441.8544'),
('1513257204.0866'),
('1514361954.5805'),
('1515255397.6783'),
('1515255423.3878'),
('1515255440.8169'),
('1516171558.3444'),
('1516171566.5803'),
('1516711764.5920'),
('1516711822.3868'),
('1516711833.4354'),
('1516711848.8227'),
('1517762587.6602'),
('1517762596.2029'),
('1520981191.6691'),
('1520981201.0883'),
('1520981230.7131'),
('1521193094.7951'),
('1521193114.9380'),
('1522133264.2405'),
('1522133270.5092'),
('1523519942.9547'),
('1523519963.2499'),
('1523521178.4625'),
('1523521195.7243'),
('1523521200.0207'),
('1523686820.4544'),
('1523686830.4398'),
('1523686838.9227'),
('1524670022.1327'),
('1524670030.9751'),
('1530110211.7399'),
('1530110428.7256'),
('1530110432.4216'),
('1530110437.1206'),
('1530110441.8680'),
('1530110447.0669'),
('1530110451.0651'),
('1530110455.1469'),
('1530110809.0281'),
('1530868437.5534'),
('1530868471.6614'),
('1532076362.7129'),
('1532076373.5085'),
('1533834186.8638'),
('1533834193.0453'),
('1533834202.2861'),
('1533922450.0918'),
('1533922462.8223'),
('1534008599.6538'),
('1534008605.4789'),
('1534008630.6701'),
('1535905415.2257'),
('1535905422.3287'),
('1535905432.9193'),
('1535995259.5143'),
('1535995274.7435'),
('1537256961.3105'),
('1537256968.5637'),
('1537257092.5273'),
('1537257372.2535'),
('1537257477.5069'),
('1537257595.6239'),
('1537261949.2493'),
('1537264947.4764'),
('1537274044.0058'),
('1537274405.0421'),
('1537274412.6131'),
('1537274452.5752'),
('1537335664.2101'),
('1537343350.9960'),
('1537343359.4723'),
('1537343464.3545'),
('1537423818.3536'),
('1537423863.3715'),
('1537441251.3156'),
('1537445106.1439'),
('1538388523.4412'),
('1538388734.0920'),
('1538388737.8288'),
('1538388741.9233'),
('1538388747.3840'),
('1538388750.5072'),
('1539957664.0064'),
('1539957665.2515'),
('1539957750.9870'),
('1539957798.8395'),
('1539957801.1223'),
('1539958605.3731'),
('1539958621.7957'),
('1539958712.1551'),
('1539958759.1393'),
('1542363107.0448'),
('1542363150.6213'),
('1542368119.2614'),
('1542368227.9183'),
('1542716454.8960'),
('1542716468.0586'),
('1542716482.0643'),
('1543815864.1067'),
('1543815883.4630'),
('1543815971.8744'),
('1543815982.2114'),
('1543816021.4041'),
('1543816036.4966'),
('1543816041.9093'),
('1543816112.1614'),
('1543816122.8078'),
('1543816131.7956'),
('1543816145.6261'),
('1548037318.1538'),
('1548037326.3284'),
('1548037389.9653'),
('1550033729.9024'),
('1550033742.3435'),
('1550047124.2253'),
('1550047146.5173'),
('1550047262.7394'),
('1550316606.7264'),
('1550316618.0038'),
('1551162007.6679'),
('1551162046.1089'),
('1551162056.5798'),
('1551162085.9904'),
('1551162188.7018'),
('1551162294.9039'),
('1553536174.6614'),
('1553536205.2661'),
('1553536249.3636'),
('1553536353.6759'),
('1553536402.0966'),
('1553536422.0076'),
('1553536426.9944'),
('1553536467.0122'),
('1553536471.7266'),
('1553536510.5380'),
('1554179440.9383'),
('1554179453.3021'),
('1554179855.7645'),
('1554179874.4490'),
('1554179964.1240'),
('1554181231.1401'),
('1554181237.3643'),
('1554188946.1030'),
('1557213521.9841'),
('1559679662.7625');

-- --------------------------------------------------------

--
-- Table structure for table `in_cf7dbplugin_submits`
--

CREATE TABLE `in_cf7dbplugin_submits` (
  `submit_time` decimal(16,4) NOT NULL,
  `form_name` varchar(127) CHARACTER SET utf8 DEFAULT NULL,
  `field_name` varchar(127) CHARACTER SET utf8 DEFAULT NULL,
  `field_value` longtext CHARACTER SET utf8,
  `field_order` int(11) DEFAULT NULL,
  `file` longblob
) ENGINE=MyISAM DEFAULT CHARSET=latin1;

--
-- Dumping data for table `in_cf7dbplugin_submits`
--

INSERT INTO `in_cf7dbplugin_submits` (`submit_time`, `form_name`, `field_name`, `field_value`, `field_order`, `file`) VALUES
('1502158161.4190', 'Incubator Form', 'name', 'ryan terribilini', 0, NULL),
('1502158161.4190', 'Incubator Form', 'organization', 'ripple', 1, NULL),
('1502158161.4190', 'Incubator Form', 'email', 'ryan@cashlesscatalyst.org', 2, NULL),
('1502158161.4190', 'Incubator Form', 'tel', '6507430409', 3, NULL),
('1502158161.4190', 'Incubator Form', 'organization-type', 'Partnership', 4, NULL),
('1502158161.4190', 'Incubator Form', 'others', '', 5, NULL),
('1502158161.4190', 'Incubator Form', 'message', 'test', 6, NULL),
('1502158161.4190', 'Incubator Form', 'hidden-guest-url', '', 7, NULL),
('1502158161.4190', 'Incubator Form', 'user_location', 'Siuri, IN, West Bengal', 8, NULL);
INSERT INTO `in_cf7dbplugin_submits` (`submit_time`, `form_name`, `field_name`, `field_value`, `field_order`, `file`) VALUES
('1502158161.4190', 'Incubator Form', 'your-file', 'Oxford-Policy-Analysis-Essay.pdf', 9, 0x[encoded data, 338832 characters]);
